{"id":1224,"date":"2018-02-23T15:10:26","date_gmt":"2018-02-23T14:10:26","guid":{"rendered":"http:\/\/saintjeandelacommanderie.fr\/?page_id=1224"},"modified":"2024-01-29T11:42:10","modified_gmt":"2024-01-29T10:42:10","slug":"homelies","status":"publish","type":"page","link":"https:\/\/saintjeandelacommanderie.fr\/?page_id=1224","title":{"rendered":"Hom\u00e9lies"},"content":{"rendered":"\n<p>Retrouvez et relisez dans cette pages les hom\u00e9lies qui nous sont parvenues.<\/p>\n\n\n\n<p>P\u00e8re Christophe Martin<\/p>\n\n\n\n<!-- G\u00e9n\u00e9ration r\u00e9alis\u00e9e avec Document Gallery. Obtenez votre version ici :http:\/\/wordpress.org\/extend\/plugins\/document-gallery -->\n<div id=\"document-gallery-1\" class=\"document-gallery\" data-shortcode='{\"id\":1224,\"include\":\"5621\",\"exclude\":\"\",\"columns\":4,\"fancy\":true,\"order\":\"ASC\",\"orderby\":\"post__in\",\"relation\":\"AND\",\"limit\":-1,\"mime_types\":\"application,video,text,audio,image\",\"new_window\":true,\"paginate\":true,\"post_status\":\"any\",\"post_type\":\"attachment\",\"attachment_pg\":false,\"descriptions\":false,\"skip\":0}' style='--dg-icon-width: 24%'>\n<div class='document-icon-row'>\n   <div class=\"document-icon\">\n      <a href=\"https:\/\/saintjeandelacommanderie.fr\/wp-content\/uploads\/2023\/07\/p-martin.pdf\" target=\"_blank\">\n         <img decoding=\"async\" src=\"https:\/\/saintjeandelacommanderie.fr\/wp-content\/uploads\/2023\/07\/p-martin-thumb.png\" title=\"p-martin\" alt=\"p-martin\" data-ext=\"pdf\"\/>\n         <span class=\"title\">p-martin<\/span>\n      <\/a>\n   <\/div>\n\n<\/div>\n<\/div>\n\n\n<hr class=\"wp-block-separator has-text-color has-dark-purple-color has-alpha-channel-opacity has-dark-purple-background-color has-background is-style-wide\"\/>\n\n\n\n<p>P\u00e8re Dr\u00e8ge Bemba<\/p>\n\n\n\n<!-- G\u00e9n\u00e9ration r\u00e9alis\u00e9e avec Document Gallery. Obtenez votre version ici :http:\/\/wordpress.org\/extend\/plugins\/document-gallery -->\n<div id=\"document-gallery-2\" class=\"document-gallery\" data-shortcode='{\"id\":1224,\"include\":\"5622\",\"exclude\":\"\",\"columns\":4,\"fancy\":true,\"order\":\"ASC\",\"orderby\":\"date\",\"relation\":\"AND\",\"limit\":-1,\"mime_types\":\"application,video,text,audio,image\",\"new_window\":true,\"paginate\":true,\"post_status\":\"any\",\"post_type\":\"attachment\",\"attachment_pg\":false,\"descriptions\":false,\"skip\":0}' style='--dg-icon-width: 24%'>\n<div class='document-icon-row'>\n   <div class=\"document-icon\">\n      <a href=\"https:\/\/saintjeandelacommanderie.fr\/wp-content\/uploads\/2023\/07\/D-Bemba.pdf\" target=\"_blank\">\n         <img decoding=\"async\" src=\"https:\/\/saintjeandelacommanderie.fr\/wp-content\/uploads\/2023\/07\/D-Bemba-thumb.png\" title=\"D-Bemba\" alt=\"D-Bemba\" data-ext=\"pdf\"\/>\n         <span class=\"title\">D-Bemba<\/span>\n      <\/a>\n   <\/div>\n\n<\/div>\n<\/div>\n\n\n<hr class=\"wp-block-separator has-text-color has-dark-purple-color has-alpha-channel-opacity has-dark-purple-background-color has-background is-style-wide\"\/>\n\n\n\n<p>P\u00e8re Arnaud Mansuy<\/p>\n\n\n\n<!-- G\u00e9n\u00e9ration r\u00e9alis\u00e9e avec Document Gallery. Obtenez votre version ici :http:\/\/wordpress.org\/extend\/plugins\/document-gallery -->\n<div id=\"document-gallery-3\" class=\"document-gallery\" data-shortcode='{\"id\":1224,\"include\":\"5623\",\"exclude\":\"\",\"columns\":4,\"fancy\":true,\"order\":\"ASC\",\"orderby\":\"post__in\",\"relation\":\"AND\",\"limit\":-1,\"mime_types\":\"application,video,text,audio,image\",\"new_window\":true,\"paginate\":true,\"post_status\":\"any\",\"post_type\":\"attachment\",\"attachment_pg\":false,\"descriptions\":false,\"skip\":0}' style='--dg-icon-width: 24%'>\n<div class='document-icon-row'>\n   <div class=\"document-icon\">\n      <a href=\"https:\/\/saintjeandelacommanderie.fr\/wp-content\/uploads\/2023\/07\/A-Mansuy.pdf\" target=\"_blank\">\n         <img decoding=\"async\" src=\"https:\/\/saintjeandelacommanderie.fr\/wp-content\/uploads\/2023\/07\/A-Mansuy-thumb.png\" title=\"A-Mansuy\" alt=\"A-Mansuy\" data-ext=\"pdf\"\/>\n         <span class=\"title\">A-Mansuy<\/span>\n      <\/a>\n   <\/div>\n\n<\/div>\n<\/div>\n\n\n<hr class=\"wp-block-separator has-text-color has-dark-purple-color has-alpha-channel-opacity has-dark-purple-background-color has-background is-style-wide\"\/>\n\n\n\n<p>St\u00e9phane de Wazi\u00e8res, diacre<\/p>\n\n\n\n<!-- G\u00e9n\u00e9ration r\u00e9alis\u00e9e avec Document Gallery. Obtenez votre version ici :http:\/\/wordpress.org\/extend\/plugins\/document-gallery -->\n<div id=\"document-gallery-4\" class=\"document-gallery\" data-shortcode='{\"id\":1224,\"include\":\"1332,1500,1946,2098,2450,2633,5598,5596,5654,5768,5865,5893\",\"exclude\":\"\",\"columns\":4,\"fancy\":true,\"order\":\"ASC\",\"orderby\":\"post__in\",\"relation\":\"AND\",\"limit\":-1,\"mime_types\":\"application,video,text,audio,image\",\"new_window\":true,\"paginate\":true,\"post_status\":\"any\",\"post_type\":\"attachment\",\"attachment_pg\":false,\"descriptions\":false,\"skip\":0}' style='--dg-icon-width: 24%'>\n<div class='document-icon-row'>\n   <div class=\"document-icon\">\n      <a href=\"https:\/\/saintjeandelacommanderie.fr\/wp-content\/uploads\/2018\/04\/sdw_20180318.pdf\" target=\"_blank\">\n         <img decoding=\"async\" src=\"https:\/\/saintjeandelacommanderie.fr\/wp-content\/uploads\/2018\/04\/sdw_20180318-thumb.png\" title=\"Hom\u00e9lie du 5\u00e8me dimanche de Car\u00eame\" alt=\"Hom\u00e9lie du 5\u00e8me dimanche de Car\u00eame\" data-ext=\"pdf\"\/>\n         <span class=\"title\">Hom\u00e9lie du 5<sup>\u00e8me<\/sup> dimanche de Car\u00eame<\/span>\n      <\/a>\n   <\/div>\n   <div class=\"document-icon\">\n      <a href=\"https:\/\/saintjeandelacommanderie.fr\/wp-content\/uploads\/2018\/08\/ASCENSION-2018-Actes-1-1-1.pdf\" target=\"_blank\">\n         <img decoding=\"async\" src=\"https:\/\/saintjeandelacommanderie.fr\/wp-content\/uploads\/2018\/08\/ASCENSION-2018-Actes-1-1-1-thumb.png\" title=\"ASCENSION 2018 Actes 1 1\" alt=\"ASCENSION 2018 Actes 1 1\" data-ext=\"pdf\"\/>\n         <span class=\"title\">ASCENSION 2018 Actes 1 1<\/span>\n      <\/a>\n   <\/div>\n   <div class=\"document-icon\">\n      <a href=\"https:\/\/saintjeandelacommanderie.fr\/wp-content\/uploads\/2019\/01\/sdw_20190120.pdf\" target=\"_blank\">\n         <img decoding=\"async\" src=\"https:\/\/saintjeandelacommanderie.fr\/wp-content\/uploads\/2019\/01\/sdw_20190120-thumb.png\" title=\"Hom\u00e9lie du 20 janvier 2019\" alt=\"Hom\u00e9lie du 20 janvier 2019\" data-ext=\"pdf\"\/>\n         <span class=\"title\">Hom\u00e9lie du 20 janvier 2019<\/span>\n      <\/a>\n   <\/div>\n   <div class=\"document-icon\">\n      <a href=\"https:\/\/saintjeandelacommanderie.fr\/wp-content\/uploads\/2019\/03\/swazi\u00e8res_20190303.pdf\" target=\"_blank\">\n         <img decoding=\"async\" src=\"https:\/\/saintjeandelacommanderie.fr\/wp-content\/uploads\/2019\/03\/swazi\u00e8res_20190303-thumb.png\" title=\"Hom\u00e9lie du3 mars 2019\" alt=\"Hom\u00e9lie du3 mars 2019\" data-ext=\"pdf\"\/>\n         <span class=\"title\">Hom\u00e9lie du<br \/>3 mars 2019<\/span>\n      <\/a>\n   <\/div>\n\n<\/div>\n<div class='document-icon-row'>\n   <div class=\"document-icon\">\n      <a href=\"https:\/\/saintjeandelacommanderie.fr\/wp-content\/uploads\/2019\/09\/swazi\u00e8res_20190901.pdf\" target=\"_blank\">\n         <img decoding=\"async\" src=\"https:\/\/saintjeandelacommanderie.fr\/wp-content\/uploads\/2019\/09\/swazi\u00e8res_20190901-thumb.png\" title=\"Hom\u00e9lie du 1er septembre 201922\u00e8me dim. T.O.\" alt=\"Hom\u00e9lie du 1er septembre 201922\u00e8me dim. T.O.\" data-ext=\"pdf\"\/>\n         <span class=\"title\">Hom\u00e9lie du 1<sup>er<\/sup> septembre 2019<br \/>22<sup>\u00e8me<\/sup> dim. T.O.<\/span>\n      <\/a>\n   <\/div>\n   <div class=\"document-icon\">\n      <a href=\"https:\/\/saintjeandelacommanderie.fr\/wp-content\/uploads\/2019\/12\/s_wazi\u00e8res_20191201.pdf\" target=\"_blank\">\n         <img decoding=\"async\" src=\"https:\/\/saintjeandelacommanderie.fr\/wp-content\/uploads\/2019\/12\/s_wazi\u00e8res_20191201-thumb.png\" title=\"Hom\u00e9lie du 1er dimanche de l&rsquo;Avent 2019\" alt=\"Hom\u00e9lie du 1er dimanche de l&rsquo;Avent 2019\" data-ext=\"pdf\"\/>\n         <span class=\"title\">Hom\u00e9lie du 1<sup>er<\/sup> dimanche de l&rsquo;Avent 2019<\/span>\n      <\/a>\n   <\/div>\n   <div class=\"document-icon\">\n      <a href=\"https:\/\/saintjeandelacommanderie.fr\/wp-content\/uploads\/2023\/07\/Dieu-le-Pere-et-Jesus-le-Fils-21-05-23.pdf\" target=\"_blank\">\n         <img decoding=\"async\" src=\"https:\/\/saintjeandelacommanderie.fr\/wp-content\/uploads\/2023\/07\/Dieu-le-Pere-et-Jesus-le-Fils-21-05-23-thumb.png\" title=\"Dieu le P\u00e8re et J\u00e9sus le Fils Jn 17 21-05-23\" alt=\"Dieu le P\u00e8re et J\u00e9sus le Fils Jn 17 21-05-23\" data-ext=\"pdf\"\/>\n         <span class=\"title\">Dieu le P\u00e8re et J\u00e9sus le Fils Jn 17 21-05-23<\/span>\n      <\/a>\n   <\/div>\n   <div class=\"document-icon\">\n      <a href=\"https:\/\/saintjeandelacommanderie.fr\/wp-content\/uploads\/2023\/07\/Les-ouvriers-peu-nombreux-Mt-9-36.pdf\" target=\"_blank\">\n         <img decoding=\"async\" src=\"https:\/\/saintjeandelacommanderie.fr\/wp-content\/uploads\/2023\/07\/Les-ouvriers-peu-nombreux-Mt-9-36-thumb.png\" title=\"Les ouvriers peu nombreux Mt 9 18-06-23\" alt=\"Les ouvriers peu nombreux Mt 9 18-06-23\" data-ext=\"pdf\"\/>\n         <span class=\"title\">Les ouvriers peu nombreux Mt 9 18-06-23<\/span>\n      <\/a>\n   <\/div>\n\n<\/div>\n<div class='document-icon-row'>\n   <div class=\"document-icon\">\n      <a href=\"https:\/\/saintjeandelacommanderie.fr\/wp-content\/uploads\/2023\/08\/Homelie-20-08-23-La-cananeenne-SW.pdf\" target=\"_blank\">\n         <img decoding=\"async\" src=\"https:\/\/saintjeandelacommanderie.fr\/wp-content\/uploads\/2023\/08\/Homelie-20-08-23-La-cananeenne-SW-thumb.png\" title=\"Hom\u00e9lie 20-08-23 La canan\u00e9enne SW\" alt=\"Hom\u00e9lie 20-08-23 La canan\u00e9enne SW\" data-ext=\"pdf\"\/>\n         <span class=\"title\">Hom\u00e9lie 20-08-23 La canan\u00e9enne SW<\/span>\n      <\/a>\n   <\/div>\n   <div class=\"document-icon\">\n      <a href=\"https:\/\/saintjeandelacommanderie.fr\/wp-content\/uploads\/2023\/11\/5-nov-2023-Ils-disent-et-ne-font-pas.pdf\" target=\"_blank\">\n         <img decoding=\"async\" src=\"https:\/\/saintjeandelacommanderie.fr\/wp-content\/uploads\/2023\/11\/5-nov-2023-Ils-disent-et-ne-font-pas-thumb.png\" title=\"5 nov 2023 Ils disent et ne font pas\" alt=\"5 nov 2023 Ils disent et ne font pas\" data-ext=\"pdf\"\/>\n         <span class=\"title\">5 nov 2023 Ils disent et ne font pas<\/span>\n      <\/a>\n   <\/div>\n   <div class=\"document-icon\">\n      <a href=\"https:\/\/saintjeandelacommanderie.fr\/wp-content\/uploads\/2024\/01\/Sainte-Famille-2023-annee-B.pdf\" target=\"_blank\">\n         <img decoding=\"async\" src=\"https:\/\/saintjeandelacommanderie.fr\/wp-content\/uploads\/2024\/01\/Sainte-Famille-2023-annee-B-thumb.png\" title=\"Sainte Famille 2023 ann\u00e9e B\" alt=\"Sainte Famille 2023 ann\u00e9e B\" data-ext=\"pdf\"\/>\n         <span class=\"title\">Sainte Famille 2023 ann\u00e9e B<\/span>\n      <\/a>\n   <\/div>\n   <div class=\"document-icon\">\n      <a href=\"https:\/\/saintjeandelacommanderie.fr\/wp-content\/uploads\/2024\/01\/Silence-sors-de-cet-homme-4eme-dim-TO-B.pdf\" target=\"_blank\">\n         <img decoding=\"async\" src=\"https:\/\/saintjeandelacommanderie.fr\/wp-content\/uploads\/2024\/01\/Silence-sors-de-cet-homme-4eme-dim-TO-B-thumb.png\" title=\"Silence sors de cet homme 4\u00e8me dim TO B\" alt=\"Silence sors de cet homme 4\u00e8me dim TO B\" data-ext=\"pdf\"\/>\n         <span class=\"title\">Silence sors de cet homme 4\u00e8me dim TO B<\/span>\n      <\/a>\n   <\/div>\n\n<\/div>\n<\/div>\n\n\n<div class=\"wp-block-columns is-layout-flex wp-container-core-columns-is-layout-9d6595d7 wp-block-columns-is-layout-flex\">\n<div class=\"wp-block-column is-layout-flow wp-block-column-is-layout-flow\" style=\"flex-basis:100%\">\n<div class=\"wp-block-group\"><div class=\"wp-block-group__inner-container is-layout-constrained wp-block-group-is-layout-constrained\"><\/div><\/div>\n<\/div>\n<\/div>\n\n\n\n<div id=\"mceu_45\" class=\"wp-link-preview\" role=\"button\" aria-label=\"Nettoyer la mise en forme\" aria-haspopup=\"true\">&nbsp;<\/div>\n","protected":false},"excerpt":{"rendered":"<p>Retrouvez et relisez dans cette pages les hom\u00e9lies qui nous sont parvenues. P\u00e8re Christophe Martin P\u00e8re Dr\u00e8ge Bemba P\u00e8re Arnaud Mansuy St\u00e9phane de Wazi\u00e8res, diacre &nbsp;<\/p>\n","protected":false},"author":1,"featured_media":0,"parent":94,"menu_order":0,"comment_status":"closed","ping_status":"closed","template":"","meta":{"footnotes":""},"class_list":["post-1224","page","type-page","status-publish","hentry"],"publishpress_future_workflow_manual_trigger":{"enabledWorkflows":[]},"_links":{"self":[{"href":"https:\/\/saintjeandelacommanderie.fr\/index.php?rest_route=\/wp\/v2\/pages\/1224","targetHints":{"allow":["GET"]}}],"collection":[{"href":"https:\/\/saintjeandelacommanderie.fr\/index.php?rest_route=\/wp\/v2\/pages"}],"about":[{"href":"https:\/\/saintjeandelacommanderie.fr\/index.php?rest_route=\/wp\/v2\/types\/page"}],"author":[{"embeddable":true,"href":"https:\/\/saintjeandelacommanderie.fr\/index.php?rest_route=\/wp\/v2\/users\/1"}],"replies":[{"embeddable":true,"href":"https:\/\/saintjeandelacommanderie.fr\/index.php?rest_route=%2Fwp%2Fv2%2Fcomments&post=1224"}],"version-history":[{"count":61,"href":"https:\/\/saintjeandelacommanderie.fr\/index.php?rest_route=\/wp\/v2\/pages\/1224\/revisions"}],"predecessor-version":[{"id":5894,"href":"https:\/\/saintjeandelacommanderie.fr\/index.php?rest_route=\/wp\/v2\/pages\/1224\/revisions\/5894"}],"up":[{"embeddable":true,"href":"https:\/\/saintjeandelacommanderie.fr\/index.php?rest_route=\/wp\/v2\/pages\/94"}],"wp:attachment":[{"href":"https:\/\/saintjeandelacommanderie.fr\/index.php?rest_route=%2Fwp%2Fv2%2Fmedia&parent=1224"}],"curies":[{"name":"wp","href":"https:\/\/api.w.org\/{rel}","templated":true}]}}