{"id":150,"date":"2017-01-19T15:00:03","date_gmt":"2017-01-19T14:00:03","guid":{"rendered":"http:\/\/saintjeandelacommanderie.fr\/?page_id=150"},"modified":"2026-02-05T18:40:43","modified_gmt":"2026-02-05T17:40:43","slug":"funerailles","status":"publish","type":"page","link":"https:\/\/saintjeandelacommanderie.fr\/?page_id=150","title":{"rendered":"Fun\u00e9railles"},"content":{"rendered":"<p style=\"text-align: center;\"><span style=\"color: #ff00ff;\">LES FUN\u00c9RAILLES CHR\u00c9TIENNES<\/span><\/p>\n<p><strong>Une mission<\/strong><\/p>\n<p>L\u2019\u00c9glise ne cesse d\u2019accompagner les d\u00e9funts et leurs proches en c\u00e9l\u00e9brant le myst\u00e8re pascal du Christ, qui est au c\u0153ur de notre vie de baptis\u00e9s et de l\u2019eucharistie.<\/p>\n<p>\u00c0 la lumi\u00e8re de la R\u00e9surrection du Christ, la mort n\u2019est pas pour nous la finalit\u00e9 de la vie, mais un \u00ab\u00a0passage\u00a0\u00bb, en Lui, vers une vie nouvelle, \u00e9ternelle\u00a0 : \u00ab\u00a0 Voici une parole s\u00fbre\u00a0: si nous sommes morts avec lui, avec lui nous vivrons\u00a0 \u00bb (2 Tim 2, 11).<\/p>\n<p><strong>Une \u00e9quipe de la\u00efcs aupr\u00e8s des pr\u00eatres<\/strong><\/p>\n<p>En raison du nombre r\u00e9duit de pr\u00eatres et de leurs multiples missions, les obs\u00e8ques peuvent \u00eatre conduites par un la\u00efc mandat\u00e9 accompagn\u00e9 d\u2019une \u00e9quipe.<\/p>\n<p>Membres de l\u2019\u00e9quipe fun\u00e9railles de Saint-Jean de la Commanderie\u00a0:<\/p>\n<ul>\n<li>Joseph Boudrant<\/li>\n<li>Xavier Legoux<\/li>\n<li>Paul Orel<\/li>\n<\/ul>\n<p><img loading=\"lazy\" decoding=\"async\" class=\"alignnone size-full wp-image-543\" src=\"https:\/\/saintjeandelacommanderie.fr\/wp-content\/uploads\/2017\/01\/fun\u00e9railles_1.jpg\" alt=\"\" width=\"257\" height=\"192\" \/><\/p>\n<p><strong>Des temps d\u2019accueil et de c\u00e9l\u00e9bration<\/strong><\/p>\n<ul>\n<li>\u00a0Une prise de contact et de rendez-vous avec la famille, par un membre de l\u2019\u00e9quipe, suite \u00e0 l\u2019appel des Pompes Fun\u00e8bres.<\/li>\n<li>Une rencontre r\u00e9serv\u00e9e \u00e0 un temps d\u2019accueil, d\u2019\u00e9coute et de pr\u00e9paration des obs\u00e8ques.<\/li>\n<li>Une c\u00e9l\u00e9bration o\u00f9 les chr\u00e9tiens rappellent la P\u00e2que du Christ, interc\u00e8dent pour le fid\u00e8le d\u00e9funt et prient Dieu, riche en mis\u00e9ricorde, pour son passage \u00e0 la pl\u00e9nitude de la vie dans la joie et la paix.<\/li>\n<li>Une invitation \u00e0 participer \u00e0 la messe dominicale la plus proche, en m\u00e9moire du d\u00e9funt, lorsque l\u2019eucharistie n\u2019aura pas \u00e9t\u00e9 c\u00e9l\u00e9br\u00e9e lors des obs\u00e8ques, ainsi qu\u2019\u00e0 la comm\u00e9moration de tous les fid\u00e8les d\u00e9funts, le 2 Novembre.<\/li>\n<\/ul>\n<p><img loading=\"lazy\" decoding=\"async\" class=\"alignnone size-medium wp-image-545\" src=\"https:\/\/saintjeandelacommanderie.fr\/wp-content\/uploads\/2017\/01\/funerailles_2-300x100.jpg\" alt=\"\" width=\"300\" height=\"100\" srcset=\"https:\/\/saintjeandelacommanderie.fr\/wp-content\/uploads\/2017\/01\/funerailles_2-300x100.jpg 300w, https:\/\/saintjeandelacommanderie.fr\/wp-content\/uploads\/2017\/01\/funerailles_2.jpg 650w\" sizes=\"auto, (max-width: 300px) 100vw, 300px\" \/><\/p>\n<p><strong>Une proposition de la foi<\/strong><\/p>\n<p>Qui que vous soyez, l\u2019\u00e9quipe fun\u00e9railles est \u00e0 votre disposition pour une rencontre personnelle, en dehors du temps des obs\u00e8ques, si vous souhaitez aller plus loin et parler des choses de la foi.<\/p>\n<p>Pour prendre contact avec la paroisse, utiliser le formulaire de <a href=\"https:\/\/saintjeandelacommanderie.fr\/?page_id=58\">contact<\/a>.<\/p>\n<p>Ou se rendre \u00e0 l&rsquo;accueil aux horaires indiqu\u00e9s (Lundi \u00e0 Vendredi 16h \u00e0 18h, samedi 9h \u00e011h) ou t\u00e9l\u00e9phoner <img loading=\"lazy\" decoding=\"async\" class=\"alignnone size-medium wp-image-51\" title=\"03.83.40.24.50\" src=\"https:\/\/saintjeandelacommanderie.fr\/wp-content\/uploads\/2017\/01\/telephone-bleu-300x300.png\" alt=\"03.83.40.24.50\" width=\"30\" height=\"30\" srcset=\"https:\/\/saintjeandelacommanderie.fr\/wp-content\/uploads\/2017\/01\/telephone-bleu-300x300.png 300w, https:\/\/saintjeandelacommanderie.fr\/wp-content\/uploads\/2017\/01\/telephone-bleu-150x150.png 150w, https:\/\/saintjeandelacommanderie.fr\/wp-content\/uploads\/2017\/01\/telephone-bleu-200x200.png 200w, https:\/\/saintjeandelacommanderie.fr\/wp-content\/uploads\/2017\/01\/telephone-bleu.png 392w\" sizes=\"auto, (max-width: 30px) 100vw, 30px\" \/><\/p>\n","protected":false},"excerpt":{"rendered":"<p>LES FUN\u00c9RAILLES CHR\u00c9TIENNES Une mission L\u2019\u00c9glise ne cesse d\u2019accompagner les d\u00e9funts et leurs proches en c\u00e9l\u00e9brant le myst\u00e8re pascal du Christ, qui est au c\u0153ur de notre vie de baptis\u00e9s et de l\u2019eucharistie. \u00c0 la lumi\u00e8re de la R\u00e9surrection du Christ, la mort n\u2019est pas pour nous la finalit\u00e9 de la vie, mais un \u00ab\u00a0passage\u00a0\u00bb, &hellip; <a href=\"https:\/\/saintjeandelacommanderie.fr\/?page_id=150\" class=\"more-link\">Continuer la lecture de <span class=\"screen-reader-text\">Fun\u00e9railles<\/span><\/a><\/p>\n","protected":false},"author":1,"featured_media":0,"parent":31,"menu_order":5,"comment_status":"closed","ping_status":"closed","template":"","meta":{"footnotes":""},"class_list":["post-150","page","type-page","status-publish","hentry"],"publishpress_future_workflow_manual_trigger":{"enabledWorkflows":[]},"_links":{"self":[{"href":"https:\/\/saintjeandelacommanderie.fr\/index.php?rest_route=\/wp\/v2\/pages\/150","targetHints":{"allow":["GET"]}}],"collection":[{"href":"https:\/\/saintjeandelacommanderie.fr\/index.php?rest_route=\/wp\/v2\/pages"}],"about":[{"href":"https:\/\/saintjeandelacommanderie.fr\/index.php?rest_route=\/wp\/v2\/types\/page"}],"author":[{"embeddable":true,"href":"https:\/\/saintjeandelacommanderie.fr\/index.php?rest_route=\/wp\/v2\/users\/1"}],"replies":[{"embeddable":true,"href":"https:\/\/saintjeandelacommanderie.fr\/index.php?rest_route=%2Fwp%2Fv2%2Fcomments&post=150"}],"version-history":[{"count":6,"href":"https:\/\/saintjeandelacommanderie.fr\/index.php?rest_route=\/wp\/v2\/pages\/150\/revisions"}],"predecessor-version":[{"id":6979,"href":"https:\/\/saintjeandelacommanderie.fr\/index.php?rest_route=\/wp\/v2\/pages\/150\/revisions\/6979"}],"up":[{"embeddable":true,"href":"https:\/\/saintjeandelacommanderie.fr\/index.php?rest_route=\/wp\/v2\/pages\/31"}],"wp:attachment":[{"href":"https:\/\/saintjeandelacommanderie.fr\/index.php?rest_route=%2Fwp%2Fv2%2Fmedia&parent=150"}],"curies":[{"name":"wp","href":"https:\/\/api.w.org\/{rel}","templated":true}]}}