{"id":2052,"date":"2019-02-07T22:11:16","date_gmt":"2019-02-07T21:11:16","guid":{"rendered":"http:\/\/saintjeandelacommanderie.fr\/?page_id=2052"},"modified":"2021-09-13T11:48:10","modified_gmt":"2021-09-13T09:48:10","slug":"le-service-evangelique-des-malades","status":"publish","type":"page","link":"https:\/\/saintjeandelacommanderie.fr\/?page_id=2052","title":{"rendered":"Le Service \u00c9vang\u00e9lique des Malades"},"content":{"rendered":"\n<p>Le S.E.M.\u00a0: \u00ab\u00a0Service \u00c9vang\u00e9lique des Malades\u00a0\u00bb est un service dioc\u00e9sain faisant partie de la Pastorale Sant\u00e9. Une \u00e9quipe S.E.M. se met en place sur notre paroisse Saint Jean de la Commanderie. <br> Sa <strong>mission <\/strong>est de\u00a0:<br> &#8211; Rendre visite aux personnes isol\u00e9es, malades ou \u00e2g\u00e9es ne pouvant se d\u00e9placer pour raison de sant\u00e9.<br> &#8211;\u00a0 Aller porter la communion \u00e0 domicile.<br> &#8211; C\u2019est aussi proposer le sacrement de r\u00e9conciliation et m\u00eame le sacrement des malades. La demande est transmise au pr\u00eatre de la paroisse.<br> Soyons chacun un \u00ab\u00a0voisin attentif\u00a0\u00bb pour ouvrir nos mains et notre c\u0153ur aux personnes seules, malades ou handicap\u00e9es, et aussi pour signaler \u00e0 la paroisse ou \u00e0 l\u2019\u00e9quipe, toute personne ayant besoin de notre pr\u00e9sence, m\u00eame pour une courte visite, ou pour une demande plus sp\u00e9cifique.<br> Nous lan\u00e7ons donc un appel \u00e0 tous ceux qui veulent bien venir nous rejoindre\u00a0: <br> plus nous serons, mieux nous pourrons r\u00e9pondre aux besoins.<br> Pour nous contacter\u00a0:<br> \u00e0 St L\u00e9on\u00a0: Marie PIOT 06 82 12 31 91, <a href=\"mailto:piot.marie@wanadoo.fr\" target=\"_blank\" rel=\"noreferrer noopener\">piot.marie@wanadoo.fr<\/a><br>\u00e0 St Joseph\u00a0: Anne Marie OREL 03 83 28 87 15<br> <br> <\/p>\n","protected":false},"excerpt":{"rendered":"<p>Le S.E.M.\u00a0: \u00ab\u00a0Service \u00c9vang\u00e9lique des Malades\u00a0\u00bb est un service dioc\u00e9sain faisant partie de la Pastorale Sant\u00e9. Une \u00e9quipe S.E.M. se met en place sur notre paroisse Saint Jean de la Commanderie. Sa mission est de\u00a0: &#8211; Rendre visite aux personnes isol\u00e9es, malades ou \u00e2g\u00e9es ne pouvant se d\u00e9placer pour raison de sant\u00e9. &#8211;\u00a0 Aller porter &hellip; <a href=\"https:\/\/saintjeandelacommanderie.fr\/?page_id=2052\" class=\"more-link\">Continuer la lecture de <span class=\"screen-reader-text\">Le Service \u00c9vang\u00e9lique des Malades<\/span><\/a><\/p>\n","protected":false},"author":1,"featured_media":0,"parent":27,"menu_order":0,"comment_status":"closed","ping_status":"closed","template":"","meta":{"footnotes":""},"class_list":["post-2052","page","type-page","status-publish","hentry"],"publishpress_future_workflow_manual_trigger":{"enabledWorkflows":[]},"_links":{"self":[{"href":"https:\/\/saintjeandelacommanderie.fr\/index.php?rest_route=\/wp\/v2\/pages\/2052","targetHints":{"allow":["GET"]}}],"collection":[{"href":"https:\/\/saintjeandelacommanderie.fr\/index.php?rest_route=\/wp\/v2\/pages"}],"about":[{"href":"https:\/\/saintjeandelacommanderie.fr\/index.php?rest_route=\/wp\/v2\/types\/page"}],"author":[{"embeddable":true,"href":"https:\/\/saintjeandelacommanderie.fr\/index.php?rest_route=\/wp\/v2\/users\/1"}],"replies":[{"embeddable":true,"href":"https:\/\/saintjeandelacommanderie.fr\/index.php?rest_route=%2Fwp%2Fv2%2Fcomments&post=2052"}],"version-history":[{"count":4,"href":"https:\/\/saintjeandelacommanderie.fr\/index.php?rest_route=\/wp\/v2\/pages\/2052\/revisions"}],"predecessor-version":[{"id":4463,"href":"https:\/\/saintjeandelacommanderie.fr\/index.php?rest_route=\/wp\/v2\/pages\/2052\/revisions\/4463"}],"up":[{"embeddable":true,"href":"https:\/\/saintjeandelacommanderie.fr\/index.php?rest_route=\/wp\/v2\/pages\/27"}],"wp:attachment":[{"href":"https:\/\/saintjeandelacommanderie.fr\/index.php?rest_route=%2Fwp%2Fv2%2Fmedia&parent=2052"}],"curies":[{"name":"wp","href":"https:\/\/api.w.org\/{rel}","templated":true}]}}

Le Service Évangélique des Malades

<p>Le S.E.M. : « Service Évangélique des Malades » est un service diocésain faisant partie de la Pastorale Santé. Une équipe S.E.M. se met en place sur notre paroisse Saint Jean de la Commanderie. <br> Sa <strong>mission </strong>est de :<br> &#8211; Rendre visite aux personnes isolées, malades ou âgées ne pouvant se déplacer pour raison de santé.<br> &#8211;  Aller porter la communion à domicile.<br> &#8211; C’est aussi proposer le sacrement de réconciliation et même le sacrement des malades. La demande est transmise au prêtre de la paroisse.<br> Soyons chacun un « voisin attentif » pour ouvrir nos mains et notre cœur aux personnes seules, malades ou handicapées, et aussi pour signaler à la paroisse ou à l’équipe, toute personne ayant besoin de notre présence, même pour une courte visite, ou pour une demande plus spécifique.<br> Nous lançons donc un appel à tous ceux qui veulent bien venir nous rejoindre : <br> plus nous serons, mieux nous pourrons répondre aux besoins.<br> Pour nous contacter :<br> à St Léon : Marie PIOT 06 82 12 31 91, <a href="mailto:piot.marie@wanadoo.fr" target="_blank" rel="noreferrer noopener">piot.marie@wanadoo.fr</a><br>à St Joseph : Anne Marie OREL 03 83 28 87 15<br> <br> </p>

<p>Le S.E.M. : « Service Évangélique des Malades » est un service diocésain faisant partie de la Pastorale Santé. Une équipe S.E.M. se met en place sur notre paroisse Saint Jean de la Commanderie. Sa mission est de : &#8211; Rendre visite aux personnes isolées, malades ou âgées ne pouvant se déplacer pour raison de santé. &#8211;  Aller porter &hellip; <a href="https://saintjeandelacommanderie.fr/?page_id=2052" class="more-link">Continuer la lecture de <span class="screen-reader-text">Le Service Évangélique des Malades</span></a></p>
