{"id":265,"date":"2017-01-26T21:48:39","date_gmt":"2017-01-26T20:48:39","guid":{"rendered":"http:\/\/saintjeandelacommanderie.fr\/?page_id=265"},"modified":"2026-02-05T18:43:06","modified_gmt":"2026-02-05T17:43:06","slug":"equipes-notre-dame","status":"publish","type":"page","link":"https:\/\/saintjeandelacommanderie.fr\/?page_id=265","title":{"rendered":"\u00c9quipes Notre-Dame"},"content":{"rendered":"<p>Les <a href=\"http:\/\/www.equipes-notre-dame.fr\/\" target=\"_blank\" rel=\"noopener\">\u00c9quipes Notre-Dame<\/a> (END) sont un mouvement de <span style=\"color: #000080;\">spiritualit\u00e9 conjugale<\/span>.<\/p>\n<p>Ce mouvement rassemble, en France, au Luxembourg et en Suisse, plus de 2000 \u00e9quipes \u2013 plus de 10\u00a0000 couples \u2013 accompagn\u00e9s par pr\u00e8s de 2000 pr\u00eatres conseillers spirituels.<\/p>\n<p>\u00c0 Nancy, autour de Nancy et jusqu\u2019\u00e0 Lun\u00e9ville, on compte une trentaine d\u2019\u00e9quipes comptant chacune de 3, 4 ou 5 couples. Plusieurs m\u00e9nages de la paroisse en font partie.<\/p>\n<p>Vous cherchez \u00e0 <span style=\"color: #000080;\">vivre en couple votre foi<\/span> : Sur Saint-Jean de la Commanderie, contactez Christine et Emmanuel Labrunye. Ils vous en diront plus et vous aiguilleront utilement vers un responsable de secteur avec qui vous trouverez la<span style=\"color: #000080;\"> meilleure r\u00e9ponse<\/span> \u00e0 votre d\u00e9marche.<\/p>\n<p>Pour contacter Christine et Emmanuel Labrunye:<\/p>\n\n<div class=\"wpcf7 no-js\" id=\"wpcf7-f268-o1\" lang=\"fr-FR\" dir=\"ltr\" data-wpcf7-id=\"268\">\n<div class=\"screen-reader-response\"><p role=\"status\" aria-live=\"polite\" aria-atomic=\"true\"><\/p> <ul><\/ul><\/div>\n<form action=\"\/index.php?rest_route=%2Fwp%2Fv2%2Fpages%2F265#wpcf7-f268-o1\" method=\"post\" class=\"wpcf7-form init\" aria-label=\"Formulaire de contact\" novalidate=\"novalidate\" data-status=\"init\">\n<fieldset class=\"hidden-fields-container\"><input type=\"hidden\" name=\"_wpcf7\" value=\"268\" \/><input type=\"hidden\" name=\"_wpcf7_version\" value=\"6.1.6\" \/><input type=\"hidden\" name=\"_wpcf7_locale\" value=\"fr_FR\" \/><input type=\"hidden\" name=\"_wpcf7_unit_tag\" value=\"wpcf7-f268-o1\" \/><input type=\"hidden\" name=\"_wpcf7_container_post\" value=\"0\" \/><input type=\"hidden\" name=\"_wpcf7_posted_data_hash\" value=\"\" \/>\n<\/fieldset>\n<p><label> Votre nom (obligatoire)<br \/>\n<span class=\"wpcf7-form-control-wrap\" data-name=\"your-name\"><input size=\"40\" maxlength=\"400\" class=\"wpcf7-form-control wpcf7-text wpcf7-validates-as-required\" aria-required=\"true\" aria-invalid=\"false\" value=\"\" type=\"text\" name=\"your-name\" \/><\/span> <\/label>\n<\/p>\n<p><label> Votre e-mail (obligatoire)<br \/>\n<span class=\"wpcf7-form-control-wrap\" data-name=\"your-email\"><input size=\"40\" maxlength=\"400\" class=\"wpcf7-form-control wpcf7-email wpcf7-validates-as-required wpcf7-text wpcf7-validates-as-email\" aria-required=\"true\" aria-invalid=\"false\" value=\"\" type=\"email\" name=\"your-email\" \/><\/span> <\/label>\n<\/p>\n<p><label> Sujet<br \/>\n<span class=\"wpcf7-form-control-wrap\" data-name=\"your-subject\"><input size=\"40\" maxlength=\"400\" class=\"wpcf7-form-control wpcf7-text\" aria-invalid=\"false\" value=\"\" type=\"text\" name=\"your-subject\" \/><\/span> <\/label>\n<\/p>\n<p><label> Votre message<br \/>\n<span class=\"wpcf7-form-control-wrap\" data-name=\"your-message\"><textarea cols=\"40\" rows=\"10\" maxlength=\"2000\" class=\"wpcf7-form-control wpcf7-textarea\" aria-invalid=\"false\" name=\"your-message\"><\/textarea><\/span> <\/label>\n<\/p>\n<p>Merci de recopier ces caract\u00e8res\n<\/p>\n<p><input type=\"hidden\" name=\"_wpcf7_captcha_challenge_captcha-567\" value=\"1362361172\" \/><img loading=\"lazy\" decoding=\"async\" class=\"wpcf7-form-control wpcf7-captchac wpcf7-captcha-captcha-567\" width=\"72\" height=\"24\" alt=\"captcha\" src=\"https:\/\/saintjeandelacommanderie.fr\/wp-content\/uploads\/wpcf7_captcha\/1362361172.png\" \/><span class=\"wpcf7-form-control-wrap\" data-name=\"captcha-567\"><input size=\"40\" class=\"wpcf7-form-control wpcf7-captchar\" autocomplete=\"off\" aria-invalid=\"false\" value=\"\" type=\"text\" name=\"captcha-567\" \/><\/span>\n<\/p>\n<p><input class=\"wpcf7-form-control wpcf7-submit has-spinner\" type=\"submit\" value=\"Envoyer\" \/>\n<\/p><div class=\"wpcf7-response-output\" aria-hidden=\"true\"><\/div>\n<\/form>\n<\/div>\n\n","protected":false},"excerpt":{"rendered":"<p>Les \u00c9quipes Notre-Dame (END) sont un mouvement de spiritualit\u00e9 conjugale. Ce mouvement rassemble, en France, au Luxembourg et en Suisse, plus de 2000 \u00e9quipes \u2013 plus de 10\u00a0000 couples \u2013 accompagn\u00e9s par pr\u00e8s de 2000 pr\u00eatres conseillers spirituels. \u00c0 Nancy, autour de Nancy et jusqu\u2019\u00e0 Lun\u00e9ville, on compte une trentaine d\u2019\u00e9quipes comptant chacune de 3, &hellip; <a href=\"https:\/\/saintjeandelacommanderie.fr\/?page_id=265\" class=\"more-link\">Continuer la lecture de <span class=\"screen-reader-text\">\u00c9quipes Notre-Dame<\/span><\/a><\/p>\n","protected":false},"author":1,"featured_media":266,"parent":27,"menu_order":0,"comment_status":"closed","ping_status":"closed","template":"","meta":{"footnotes":""},"class_list":["post-265","page","type-page","status-publish","has-post-thumbnail","hentry"],"publishpress_future_workflow_manual_trigger":{"enabledWorkflows":[]},"_links":{"self":[{"href":"https:\/\/saintjeandelacommanderie.fr\/index.php?rest_route=\/wp\/v2\/pages\/265","targetHints":{"allow":["GET"]}}],"collection":[{"href":"https:\/\/saintjeandelacommanderie.fr\/index.php?rest_route=\/wp\/v2\/pages"}],"about":[{"href":"https:\/\/saintjeandelacommanderie.fr\/index.php?rest_route=\/wp\/v2\/types\/page"}],"author":[{"embeddable":true,"href":"https:\/\/saintjeandelacommanderie.fr\/index.php?rest_route=\/wp\/v2\/users\/1"}],"replies":[{"embeddable":true,"href":"https:\/\/saintjeandelacommanderie.fr\/index.php?rest_route=%2Fwp%2Fv2%2Fcomments&post=265"}],"version-history":[{"count":5,"href":"https:\/\/saintjeandelacommanderie.fr\/index.php?rest_route=\/wp\/v2\/pages\/265\/revisions"}],"predecessor-version":[{"id":6981,"href":"https:\/\/saintjeandelacommanderie.fr\/index.php?rest_route=\/wp\/v2\/pages\/265\/revisions\/6981"}],"up":[{"embeddable":true,"href":"https:\/\/saintjeandelacommanderie.fr\/index.php?rest_route=\/wp\/v2\/pages\/27"}],"wp:featuredmedia":[{"embeddable":true,"href":"https:\/\/saintjeandelacommanderie.fr\/index.php?rest_route=\/wp\/v2\/media\/266"}],"wp:attachment":[{"href":"https:\/\/saintjeandelacommanderie.fr\/index.php?rest_route=%2Fwp%2Fv2%2Fmedia&parent=265"}],"curies":[{"name":"wp","href":"https:\/\/api.w.org\/{rel}","templated":true}]}}