{"id":29,"date":"2017-01-11T11:54:22","date_gmt":"2017-01-11T10:54:22","guid":{"rendered":"http:\/\/saintjeandelacommanderie.fr\/?page_id=29"},"modified":"2025-08-29T16:04:27","modified_gmt":"2025-08-29T14:04:27","slug":"liturgie-et-chant","status":"publish","type":"page","link":"https:\/\/saintjeandelacommanderie.fr\/?page_id=29","title":{"rendered":"Liturgie et chant"},"content":{"rendered":"\n<p>&nbsp;<\/p>\n\n\n\n<p>Les \u00e9quipes liturgiques ont pour mission de pr\u00e9parer les c\u00e9l\u00e9brations du dimanche, des temps liturgiques et des f\u00eates.<br>Toutes les personnes qui sont int\u00e9ress\u00e9es pour :<\/p>\n\n\n\n<ul class=\"wp-block-list\">\n<li>pr\u00e9parer la liturgie<\/li>\n\n\n\n<li>animer les chants<\/li>\n\n\n\n<li>d\u00e9corer l&rsquo;\u00e9glise<\/li>\n<\/ul>\n\n\n\n<p>sont les bienvenues.<\/p>\n\n\n\n<ul class=\"wp-block-list\">\n<li>\u00c0 Saint-Joseph, s&rsquo;adresser \u00e0 Paul Orel<\/li>\n\n\n\n<li>\u00c0 Saint-L\u00e9on, s&rsquo;adresser \u00e0 G\u00e9rard Beaudoin<\/li>\n<\/ul>\n\n\n\n<p>Si vous ne connaissez pas ces personnes, utiliser notre <a href=\"https:\/\/saintjeandelacommanderie.fr\/?page_id=58\" target=\"_blank\" rel=\"noopener noreferrer\">formulaire de contact<\/a>.<\/p>\n\n\n\n<p>Vous pouvez aussi consulter:<\/p>\n\n\n\n<ul class=\"wp-block-list\">\n<li><a href=\"https:\/\/saintjeandelacommanderie.fr\/wp-content\/uploads\/2024\/09\/Tract-2024-2025.pdf\" target=\"_blank\" rel=\"noopener\">les cours de chant et d&rsquo;orgue de l\u2019\u00c9cole d&rsquo;orgue Dioc\u00e9saine<\/a><\/li>\n\n\n\n<li><a href=\"https:\/\/saintjeandelacommanderie.fr\/?page_id=69\">les feuilles de chants du trimestre en cours<\/a>,<\/li>\n\n\n\n<li><a href=\"https:\/\/1drv.ms\/x\/c\/9e472c520f226538\/ERuumHVHtu1AuayrWH4nZ4YBB9JWaYSP0nUhzoUihRVl_g?e=yjrXEH\">le calendrier des services liturgiques,<\/a><\/li>\n\n\n\n<li><a href=\"https:\/\/saintjeandelacommanderie.fr\/?page_id=36\">les archives des ann\u00e9es pr\u00e9c\u00e9dentes,<\/a><\/li>\n\n\n\n<li><a href=\"https:\/\/saintjeandelacommanderie.fr\/?page_id=3106\" target=\"_blank\" rel=\"noopener noreferrer\">les archives des feuilles d&rsquo;annonces<\/a>.<\/li>\n\n\n\n<li><a href=\"https:\/\/saintjeandelacommanderie.fr\/?page_id=5295\" target=\"_blank\" rel=\"noopener\">les chants pour le temps ordinaire 2023<\/a><\/li>\n<\/ul>\n\n\n\n<p><\/p>\n","protected":false},"excerpt":{"rendered":"<p>&nbsp; Les \u00e9quipes liturgiques ont pour mission de pr\u00e9parer les c\u00e9l\u00e9brations du dimanche, des temps liturgiques et des f\u00eates.Toutes les personnes qui sont int\u00e9ress\u00e9es pour : pr\u00e9parer la liturgie animer les chants d\u00e9corer l&rsquo;\u00e9glise sont les bienvenues. \u00c0 Saint-Joseph, s&rsquo;adresser \u00e0 Paul Orel \u00c0 Saint-L\u00e9on, s&rsquo;adresser \u00e0 G\u00e9rard Beaudoin Si vous ne connaissez pas ces &hellip; <a href=\"https:\/\/saintjeandelacommanderie.fr\/?page_id=29\" class=\"more-link\">Continuer la lecture de <span class=\"screen-reader-text\">Liturgie et chant<\/span><\/a><\/p>\n","protected":false},"author":1,"featured_media":0,"parent":0,"menu_order":3,"comment_status":"closed","ping_status":"closed","template":"","meta":{"footnotes":""},"class_list":["post-29","page","type-page","status-publish","hentry"],"publishpress_future_workflow_manual_trigger":{"enabledWorkflows":[]},"_links":{"self":[{"href":"https:\/\/saintjeandelacommanderie.fr\/index.php?rest_route=\/wp\/v2\/pages\/29","targetHints":{"allow":["GET"]}}],"collection":[{"href":"https:\/\/saintjeandelacommanderie.fr\/index.php?rest_route=\/wp\/v2\/pages"}],"about":[{"href":"https:\/\/saintjeandelacommanderie.fr\/index.php?rest_route=\/wp\/v2\/types\/page"}],"author":[{"embeddable":true,"href":"https:\/\/saintjeandelacommanderie.fr\/index.php?rest_route=\/wp\/v2\/users\/1"}],"replies":[{"embeddable":true,"href":"https:\/\/saintjeandelacommanderie.fr\/index.php?rest_route=%2Fwp%2Fv2%2Fcomments&post=29"}],"version-history":[{"count":12,"href":"https:\/\/saintjeandelacommanderie.fr\/index.php?rest_route=\/wp\/v2\/pages\/29\/revisions"}],"predecessor-version":[{"id":6735,"href":"https:\/\/saintjeandelacommanderie.fr\/index.php?rest_route=\/wp\/v2\/pages\/29\/revisions\/6735"}],"wp:attachment":[{"href":"https:\/\/saintjeandelacommanderie.fr\/index.php?rest_route=%2Fwp%2Fv2%2Fmedia&parent=29"}],"curies":[{"name":"wp","href":"https:\/\/api.w.org\/{rel}","templated":true}]}}