{"id":306,"date":"2017-02-01T14:54:01","date_gmt":"2017-02-01T13:54:01","guid":{"rendered":"http:\/\/saintjeandelacommanderie.fr\/?page_id=306"},"modified":"2022-09-05T16:55:54","modified_gmt":"2022-09-05T14:55:54","slug":"leglise-saint-leon-ix","status":"publish","type":"page","link":"https:\/\/saintjeandelacommanderie.fr\/?page_id=306","title":{"rendered":"L&rsquo;\u00e9glise Saint-L\u00e9on IX"},"content":{"rendered":"\n<p>21 rue Saint-L\u00e9on<br>ouverture de l&rsquo;\u00e9glise de 10h \u00e0 19h.<\/p>\n\n\n\n<p>Secr\u00e9tariat et accueil au presbyt\u00e8re:<br>&#8211; vendredi 16h \u00e0 18h<br>&#8211; mercredi 8h \u00e0 12h<br>&#8211; samedi 9h \u00e0 11h<\/p>\n\n\n\n<p>T\u00e9l\u00e9phone: 03 83 40 24 50<\/p>\n\n\n<h1><strong>HISTORIQUE<\/strong><\/h1>\n<p>\u00c0 la suite de la construction de la voie ferr\u00e9e Nancy-Paris en 1852, la zone situ\u00e9e \u00e0 l&rsquo;ouest de cette voie commence \u00e0 s&rsquo;urbaniser.<\/p>\n<p>Le 22 Janvier 1859, Mgr MENJAUD, Ev\u00eaque de Nancy et de Toul, donne mission a l&rsquo;Abb\u00e9 Eugene-Alexis NOEL de cr\u00e9er un nouveau centre religieux (\u00e9glise et \u00e9coles). Le territoire de la nouvelle paroisse pris sur ceux de St. S\u00e9bastien et St. Vincent &#8211; St. Fiacre, compte alors 2090 habitants. II est d\u00e9cid\u00e9 de d\u00e9dier la nouvelle paroisse \u00e0 St. L\u00e9on IX, pape, qui fut \u00e9v\u00eaque de Toul de 1026 \u00e0 1052.<\/p>\n<p>Le nouveau cur\u00e9 trouve \u00e0 acheter une vaste propri\u00e9t\u00e9, dite du Ch\u00e2teau Carr\u00e9, dont le b\u00e2timent central est encore le presbyt\u00e8re.<\/p>\n<p>Le 25 Aout 1860, une chapelle provisoire \u00e9tant ouverte depuis quatre mois, le premier coup de pioche est donne sous la direction de l&rsquo;architecte VAUTRIN, qui dirigera les travaux jusqu&rsquo;\u00e0 leur ach\u00e8vement, ce qui donnera \u00e0 l&rsquo;\u00e9glise une unit\u00e9 de style.<\/p>\n<p>Le 8 septembre 1861, alors que les portails \u00e9taient d\u00e9j\u00e0 \u00e9lev\u00e9s, avait lieu la pose de la premi\u00e8re pierre, situ\u00e9e sous le pilier droit de la tribune.<\/p>\n<p>Le 10 Novembre 1862, la nef \u00e9tant termin\u00e9e, un ch\u0153ur provisoire am\u00e9nag\u00e9, la premi\u00e8re messe est c\u00e9l\u00e9br\u00e9e dans cette moiti\u00e9 d&rsquo;\u00e9glise.<\/p>\n<p>Le 17 Octobre 1864, la tour nord est achev\u00e9e et re\u00e7oit cinq cloches qui viennent d&rsquo;\u00eatre b\u00e9nites. &lsquo;<\/p>\n<p>La rar\u00e9faction des dons et la guerre 1870-71 ralentissent les travaux et il faut attendre le 23 Mars 1874 pour c\u00e9l\u00e9brer au maitre-autel.<\/p>\n<p><img loading=\"lazy\" decoding=\"async\" class=\"size-medium wp-image-310 alignleft\" src=\"https:\/\/saintjeandelacommanderie.fr\/wp-content\/uploads\/2017\/02\/Nancy_St_Leon_interieur-260x300.jpg\" alt=\"\" width=\"260\" height=\"300\" srcset=\"https:\/\/saintjeandelacommanderie.fr\/wp-content\/uploads\/2017\/02\/Nancy_St_Leon_interieur-260x300.jpg 260w, https:\/\/saintjeandelacommanderie.fr\/wp-content\/uploads\/2017\/02\/Nancy_St_Leon_interieur.jpg 400w\" sizes=\"auto, (max-width: 260px) 100vw, 260px\" \/><\/p>\n<p>Enfin, la tour sud \u00e9tant construite et le parvis am\u00e9nag\u00e9, l&rsquo;\u00e9glise est consacr\u00e9e le 19 Avril 1877, solennit\u00e9 de Saint L\u00e9on IX, par Mgr FOULON.<\/p>\n<p>Mais tout n&rsquo;est pas termin\u00e9 pour autant L&rsquo;\u00e9glise n&rsquo;a pas encore d&rsquo;orgue, et il y a d\u00e9j\u00e0 des inqui\u00e9tudes pour le campanile \u00e9rig\u00e9 \u00e0 la crois\u00e9e du transept. \u00c0 la suite de l&rsquo;effondrement de celui de St. Marc \u00e0 Venise, il est d\u00e9cid\u00e9, en 1903, de le d\u00e9manteler. II sera remplac\u00e9 par un kiosque octogonal vitr\u00e9 au sommet.<\/p>\n<p>Les vitraux subiront des dommages pour diverses causes (incendie dans la propri\u00e9t\u00e9 voisine, guerres et gr\u00eale). Certains pourront \u00eatre restaur\u00e9s, mais d&rsquo;autres devront \u00eatre remplac\u00e9s.<\/p>\n<p>Les tympans des portails seront r\u00e9alis\u00e9s en 1902 par Victor HUEL, pour le central, en 1927 par Auguste VALLIN, pour les lat\u00e9raux<\/p>\n<p>\u00c0 la suite du concile Vatican II, il a fallu repenser le ch\u0153ur, dont l&rsquo;am\u00e9nagement actuel date de 1979-80.<\/p>\n<p>En 1991, la Ville de Nancy restaure enti\u00e8rement l&rsquo;ext\u00e9rieur et met le b\u00e2timent en valeur par des illuminations.<\/p>\n<h1><strong>DESCRIPTIF<\/strong><\/h1>\n<p><img loading=\"lazy\" decoding=\"async\" class=\"size-medium wp-image-189 alignleft\" src=\"https:\/\/saintjeandelacommanderie.fr\/wp-content\/uploads\/2017\/01\/cropped-messe_st-leon-220x300.jpg\" alt=\"\" width=\"220\" height=\"300\" srcset=\"https:\/\/saintjeandelacommanderie.fr\/wp-content\/uploads\/2017\/01\/cropped-messe_st-leon-220x300.jpg 220w, https:\/\/saintjeandelacommanderie.fr\/wp-content\/uploads\/2017\/01\/cropped-messe_st-leon-768x1047.jpg 768w, https:\/\/saintjeandelacommanderie.fr\/wp-content\/uploads\/2017\/01\/cropped-messe_st-leon-751x1024.jpg 751w, https:\/\/saintjeandelacommanderie.fr\/wp-content\/uploads\/2017\/01\/cropped-messe_st-leon.jpg 954w\" sizes=\"auto, (max-width: 220px) 100vw, 220px\" \/><\/p>\n<p>C&rsquo;est un pastiche gothique, dont le ch\u0153ur est orient\u00e9 vers l&rsquo;ouest Les nefs lat\u00e9rales, \u00e0 peine moins hautes de deux m\u00e8tres que la nef centrale, ont \u00e0 chaque trav\u00e9e une couverture \u00e0 deux pans faisant penser \u00e0 autant de chapelles lat\u00e9rales;<\/p>\n<p>Si les tours sont inspir\u00e9es de celles de St. Martin de Pont \u00e0 Mousson, le reste de la fa\u00e7ade est totalement diff\u00e9rent, avec ses trois portails de ch\u00eane recouvert de bronze, sign\u00e9s Eug\u00e8ne VALLIN, et ses vitraux.<\/p>\n<p>\u00c0 l&rsquo;int\u00e9rieur, assez clarteux, les d\u00e9crochements de chaque c\u00f4t\u00e9 du ch\u0153ur font penser \u00e0 l&rsquo;amorce d&rsquo;un d\u00e9ambulatoire qui n&rsquo;aurait pas \u00e9t\u00e9 r\u00e9alis\u00e9.<\/p>\n<p>Ma\u00eetre-autel en marbre, ainsi que ceux du transept d\u00e9di\u00e9s au Sacr\u00e9-C\u0153ur et \u00e0 Marie Reine des Cieux.<\/p>\n<p>Autels des chapelles lat\u00e9rales, en pierre et mosa\u00efque, vou\u00e9s \u00e0 St. Vincent de Paul, St. Alphonse de Liguori, St. Joseph et St. Pierre Fourier, ils sont l&rsquo;\u0153uvre de NO\u00cbL et PERRON et orn\u00e9s de bas-reliefs repr\u00e9sentant des sc\u00e8nes de la vie de ces saints.<\/p>\n<p><strong>VITRAUX:<\/strong><\/p>\n<p>Sont de diff\u00e9rents artistes : HOENER, GSELL-LAURENT, G. JANIN, CHAMPIGNEULLES et BENOIT.<\/p>\n<p><strong>Dans le ch\u0153ur<\/strong> : au centre St. L\u00e9on, entour\u00e9 de l&rsquo;Abb\u00e9 NO\u00cbL et de l&rsquo;architecte, faisant l&rsquo;aum\u00f4ne; de chaque c\u00f4t\u00e9 douze saints d&rsquo;origine lorraine.<\/p>\n<p><strong>Au-dessus des autels lat\u00e9raux<\/strong> : sc\u00e8nes de la vie des saints auxquels sont d\u00e9di\u00e9s ces autels.<\/p>\n<p><strong>Dans le transept :<br \/><\/strong>&#8211;\u00a0\u00a0 <em>Au nord<\/em> : la Pentec\u00f4te, encadr\u00e9e de l&rsquo;Assomption et de l\u2019Annonciation; sur le c\u00f4t\u00e9, l&rsquo;entr\u00e9e au couvent de Ste Eug\u00e9nie, accueillie par Ste Odile.<\/p>\n<p>&#8211;\u00a0\u00a0 <em>Au sud<\/em> : la C\u00e8ne, entour\u00e9e de J\u00e9sus b\u00e9nissant les enfants et de J\u00e9sus au puits de la Samaritaine; sur le c\u00f4t\u00e9, le purgatoire.<\/p>\n<p>&#8211;<em>\u00c0 la crois\u00e9e, horizontal<\/em> : symbolisme de la Sainte Trinit\u00e9.<\/p>\n<p><strong>Dans la nef<\/strong> : \u00e0 l&rsquo;origine, ils repr\u00e9sentaient les patrons des diff\u00e9rentes paroisses de Nancy et des communaut\u00e9s et \u0153uvres religieuses de la ville, mais ceux de gauche, datant des ann\u00e9es 1924 &#8211; 25, n&rsquo;ont pas repris les th\u00e8mes initiaux.<\/p>\n<p><strong>En fa\u00e7ade :<\/strong><br \/>-Rosace, non visible de l&rsquo;int\u00e9rieur : au centre le Christ; dans un premier cercle : Mo\u00efse, Ez\u00e9chiel, Isa\u00efe, J\u00e9r\u00e9mie et David; dans le cercle ext\u00e9rieur : les douze ap\u00f4tres.<br \/>-Tours, d&rsquo;un c\u00f4t\u00e9 : all\u00e9gories de la Foi, l\u2019Esp\u00e9rance et la Charit\u00e9; de l&rsquo;autre : Prudence, Justice et Force<\/p>\n<p><strong>MOBILIER<\/strong><\/p>\n<p><img loading=\"lazy\" decoding=\"async\" class=\"size-medium wp-image-323 alignleft\" src=\"https:\/\/saintjeandelacommanderie.fr\/wp-content\/uploads\/2017\/02\/orgue_Saint-L\u00e9on-260x300.jpg\" alt=\"\" width=\"260\" height=\"300\" srcset=\"https:\/\/saintjeandelacommanderie.fr\/wp-content\/uploads\/2017\/02\/orgue_Saint-L\u00e9on-260x300.jpg 260w, https:\/\/saintjeandelacommanderie.fr\/wp-content\/uploads\/2017\/02\/orgue_Saint-L\u00e9on.jpg 433w\" sizes=\"auto, (max-width: 260px) 100vw, 260px\" \/>Grand orgue : de CAVAILLE-COLL, sur buffet et tribune de bois recouvert de cuivre d\u2019Eug\u00e8ne VALLIN (1889).<br \/>Orgue de ch\u0153ur : d&rsquo;origine inconnue, agrandi par BLESI (1881).<br \/><a href=\"http:\/\/www.musimem.com\/Nancy_orgues_St-Leon.htm\" target=\"_blank\" rel=\"noopener\">Pour en savoir plus&#8230;<\/a><\/p>\n<p>\u00a0<\/p>\n<p>\u00a0<\/p>\n<p>\u00a0<\/p>\n<p>Chaire : don d&rsquo;une paroissienne (1864).<\/p>\n<p>Stalles : prolong\u00e9es par une d\u00e9coration murale de m\u00eame style que l&rsquo;abside d\u2019Eug\u00e8ne VALLIN. Les angelots musiciens sont de V. HUEL(1896).<\/p>\n<p>Confessionnaux : d\u2019Eug\u00e8ne VALLIN, MULLER et NEISS.<\/p>\n<p>Christ : du XVI\u00e8me si\u00e8cle (1500-1530) en sycomore, sur croix de ch\u00eane, provenant de l&rsquo;ancienne \u00e9glise St. Epvre.<\/p>\n<p>Autel de c\u00e9l\u00e9bration et ambon : de Claude MICHEL (1980).<\/p>\n<p>S\u00e9pulture de l&rsquo;Abb\u00e9 NO\u00cbL : dans un enfeu, \u00e0 gauche de l&rsquo;autel du Sacr\u00e9-C\u0153ur (1879).<\/p>\n<p>Chemin de Croix : En m\u00e9tal d&rsquo;inspiration moderne, de Jacques WALTER, a remplac\u00e9 celui d&rsquo;origine pr\u00e9matur\u00e9ment d\u00e9grad\u00e9 (1961).<\/p>\n<p>Statues : Pi\u00e9ta, Ste Jeanne d&rsquo;Arc, St. L\u00e9on IX, Ste Th\u00e9r\u00e8se de l\u2019Enfant J\u00e9sus et St.\u00a0Antoine de Padoue, en plus de celles situ\u00e9es sur les autels des saints.<\/p>","protected":false},"excerpt":{"rendered":"<p>21 rue Saint-L\u00e9onouverture de l&rsquo;\u00e9glise de 10h \u00e0 19h. Secr\u00e9tariat et accueil au presbyt\u00e8re:&#8211; vendredi 16h \u00e0 18h&#8211; mercredi 8h \u00e0 12h&#8211; samedi 9h \u00e0 11h T\u00e9l\u00e9phone: 03 83 40 24 50 HISTORIQUE \u00c0 la suite de la construction de la voie ferr\u00e9e Nancy-Paris en 1852, la zone situ\u00e9e \u00e0 l&rsquo;ouest de cette voie commence &hellip; <a href=\"https:\/\/saintjeandelacommanderie.fr\/?page_id=306\" class=\"more-link\">Continuer la lecture de <span class=\"screen-reader-text\">L&rsquo;\u00e9glise Saint-L\u00e9on IX<\/span><\/a><\/p>\n","protected":false},"author":1,"featured_media":0,"parent":25,"menu_order":2,"comment_status":"closed","ping_status":"closed","template":"","meta":{"footnotes":""},"class_list":["post-306","page","type-page","status-publish","hentry"],"publishpress_future_workflow_manual_trigger":{"enabledWorkflows":[]},"_links":{"self":[{"href":"https:\/\/saintjeandelacommanderie.fr\/index.php?rest_route=\/wp\/v2\/pages\/306","targetHints":{"allow":["GET"]}}],"collection":[{"href":"https:\/\/saintjeandelacommanderie.fr\/index.php?rest_route=\/wp\/v2\/pages"}],"about":[{"href":"https:\/\/saintjeandelacommanderie.fr\/index.php?rest_route=\/wp\/v2\/types\/page"}],"author":[{"embeddable":true,"href":"https:\/\/saintjeandelacommanderie.fr\/index.php?rest_route=\/wp\/v2\/users\/1"}],"replies":[{"embeddable":true,"href":"https:\/\/saintjeandelacommanderie.fr\/index.php?rest_route=%2Fwp%2Fv2%2Fcomments&post=306"}],"version-history":[{"count":8,"href":"https:\/\/saintjeandelacommanderie.fr\/index.php?rest_route=\/wp\/v2\/pages\/306\/revisions"}],"predecessor-version":[{"id":5124,"href":"https:\/\/saintjeandelacommanderie.fr\/index.php?rest_route=\/wp\/v2\/pages\/306\/revisions\/5124"}],"up":[{"embeddable":true,"href":"https:\/\/saintjeandelacommanderie.fr\/index.php?rest_route=\/wp\/v2\/pages\/25"}],"wp:attachment":[{"href":"https:\/\/saintjeandelacommanderie.fr\/index.php?rest_route=%2Fwp%2Fv2%2Fmedia&parent=306"}],"curies":[{"name":"wp","href":"https:\/\/api.w.org\/{rel}","templated":true}]}}