{"id":31,"date":"2017-01-11T11:55:33","date_gmt":"2017-01-11T10:55:33","guid":{"rendered":"http:\/\/saintjeandelacommanderie.fr\/?page_id=31"},"modified":"2020-02-03T14:36:36","modified_gmt":"2020-02-03T13:36:36","slug":"informations-pratiques","status":"publish","type":"page","link":"https:\/\/saintjeandelacommanderie.fr\/?page_id=31","title":{"rendered":"Informations pratiques"},"content":{"rendered":"<p><strong>Pour prendre contact avec la paroisse<\/strong><\/p>\n<p style=\"padding-left: 30px;\">* Au presbyt\u00e8re de la paroisse, 24 rue Saint-L\u00e9on<br \/>\nlundi et vendredi de 16h \u00e0 18h<br \/>\nmercredi et samedi de 9h \u00e0 11h<br \/>\nPar t\u00e9l\u00e9phone <img loading=\"lazy\" decoding=\"async\" class=\"wp-image-1976 alignnone\" src=\"https:\/\/saintjeandelacommanderie.fr\/wp-content\/uploads\/2019\/01\/num\u00e9ro_tel.png\" alt=\"\" width=\"222\" height=\"25\" srcset=\"https:\/\/saintjeandelacommanderie.fr\/wp-content\/uploads\/2019\/01\/num\u00e9ro_tel.png 546w, https:\/\/saintjeandelacommanderie.fr\/wp-content\/uploads\/2019\/01\/num\u00e9ro_tel-300x34.png 300w\" sizes=\"auto, (max-width: 222px) 100vw, 222px\" \/><br \/>\net par <a href=\"https:\/\/saintjeandelacommanderie.fr\/?page_id=58\" target=\"_blank\" rel=\"noopener noreferrer\">courriel<\/a><\/p>\n<p style=\"padding-left: 30px;\">* \u00c0 l\u2019\u00e9glise Saint-Joseph, 71 bis rue de Mon D\u00e9sert<br \/>\nle jeudi de 10h \u00e0 11h30 \u00e0 l&rsquo;\u00e9glise<br \/>\nPar t\u00e9l\u00e9phone <img loading=\"lazy\" decoding=\"async\" class=\"alignnone size-medium wp-image-51\" title=\"07.83.34.68.48\" src=\"https:\/\/saintjeandelacommanderie.fr\/wp-content\/uploads\/2017\/01\/telephone-bleu-300x300.png\" alt=\"07.83.34.68.48\" width=\"30\" height=\"30\" srcset=\"https:\/\/saintjeandelacommanderie.fr\/wp-content\/uploads\/2017\/01\/telephone-bleu-300x300.png 300w, https:\/\/saintjeandelacommanderie.fr\/wp-content\/uploads\/2017\/01\/telephone-bleu-150x150.png 150w, https:\/\/saintjeandelacommanderie.fr\/wp-content\/uploads\/2017\/01\/telephone-bleu-200x200.png 200w, https:\/\/saintjeandelacommanderie.fr\/wp-content\/uploads\/2017\/01\/telephone-bleu.png 392w\" sizes=\"auto, (max-width: 30px) 100vw, 30px\" \/><\/p>\n<p>En particulier,<\/p>\n<p>1) Vous voulez faire baptiser votre enfant<br \/>\nConsulter cette page sur le <a href=\"https:\/\/saintjeandelacommanderie.fr\/?page_id=142\" target=\"_blank\" rel=\"noopener noreferrer\">bapt\u00eame<\/a>.<\/p>\n<p>2) Vous voulez que votre enfant re\u00e7oive une formation chr\u00e9tienne<br \/>\nRendez-vous \u00e0 la page <a href=\"https:\/\/saintjeandelacommanderie.fr\/?page_id=145\" target=\"_blank\" rel=\"noopener noreferrer\">cat\u00e9chisme<\/a>.<\/p>\n<p>3) Vous souhaitez vous marier<br \/>\nRendez-vous \u00e0 la page <a href=\"https:\/\/saintjeandelacommanderie.fr\/?page_id=148\" target=\"_blank\" rel=\"noopener noreferrer\">mariage<\/a>.<\/p>\n<p>4) Un de vos proches est d\u00e9c\u00e9d\u00e9<br \/>\nComment organiser les <a href=\"https:\/\/saintjeandelacommanderie.fr\/?page_id=150\" target=\"_blank\" rel=\"noopener noreferrer\">fun\u00e9railles<\/a>.<\/p>\n","protected":false},"excerpt":{"rendered":"<p>Pour prendre contact avec la paroisse * Au presbyt\u00e8re de la paroisse, 24 rue Saint-L\u00e9on lundi et vendredi de 16h \u00e0 18h mercredi et samedi de 9h \u00e0 11h Par t\u00e9l\u00e9phone et par courriel * \u00c0 l\u2019\u00e9glise Saint-Joseph, 71 bis rue de Mon D\u00e9sert le jeudi de 10h \u00e0 11h30 \u00e0 l&rsquo;\u00e9glise Par t\u00e9l\u00e9phone En &hellip; <a href=\"https:\/\/saintjeandelacommanderie.fr\/?page_id=31\" class=\"more-link\">Continuer la lecture de <span class=\"screen-reader-text\">Informations pratiques<\/span><\/a><\/p>\n","protected":false},"author":1,"featured_media":0,"parent":0,"menu_order":5,"comment_status":"closed","ping_status":"closed","template":"","meta":{"footnotes":""},"class_list":["post-31","page","type-page","status-publish","hentry"],"publishpress_future_workflow_manual_trigger":{"enabledWorkflows":[]},"_links":{"self":[{"href":"https:\/\/saintjeandelacommanderie.fr\/index.php?rest_route=\/wp\/v2\/pages\/31","targetHints":{"allow":["GET"]}}],"collection":[{"href":"https:\/\/saintjeandelacommanderie.fr\/index.php?rest_route=\/wp\/v2\/pages"}],"about":[{"href":"https:\/\/saintjeandelacommanderie.fr\/index.php?rest_route=\/wp\/v2\/types\/page"}],"author":[{"embeddable":true,"href":"https:\/\/saintjeandelacommanderie.fr\/index.php?rest_route=\/wp\/v2\/users\/1"}],"replies":[{"embeddable":true,"href":"https:\/\/saintjeandelacommanderie.fr\/index.php?rest_route=%2Fwp%2Fv2%2Fcomments&post=31"}],"version-history":[{"count":21,"href":"https:\/\/saintjeandelacommanderie.fr\/index.php?rest_route=\/wp\/v2\/pages\/31\/revisions"}],"predecessor-version":[{"id":2760,"href":"https:\/\/saintjeandelacommanderie.fr\/index.php?rest_route=\/wp\/v2\/pages\/31\/revisions\/2760"}],"wp:attachment":[{"href":"https:\/\/saintjeandelacommanderie.fr\/index.php?rest_route=%2Fwp%2Fv2%2Fmedia&parent=31"}],"curies":[{"name":"wp","href":"https:\/\/api.w.org\/{rel}","templated":true}]}}

<p><strong>Pour prendre contact avec la paroisse</strong></p>
<p style="padding-left: 30px;">* Au presbytère de la paroisse, 24 rue Saint-Léon<br />
lundi et vendredi de 16h à 18h<br />
mercredi et samedi de 9h à 11h<br />
Par téléphone <img loading="lazy" decoding="async" class="wp-image-1976 alignnone" src="https://saintjeandelacommanderie.fr/wp-content/uploads/2019/01/numéro_tel.png" alt="" width="222" height="25" srcset="https://saintjeandelacommanderie.fr/wp-content/uploads/2019/01/numéro_tel.png 546w, https://saintjeandelacommanderie.fr/wp-content/uploads/2019/01/numéro_tel-300x34.png 300w" sizes="auto, (max-width: 222px) 100vw, 222px" /><br />
et par <a href="https://saintjeandelacommanderie.fr/?page_id=58" target="_blank" rel="noopener noreferrer">courriel</a></p>
<p style="padding-left: 30px;">* À l’église Saint-Joseph, 71 bis rue de Mon Désert<br />
le jeudi de 10h à 11h30 à l&rsquo;église<br />
Par téléphone <img loading="lazy" decoding="async" class="alignnone size-medium wp-image-51" title="07.83.34.68.48" src="https://saintjeandelacommanderie.fr/wp-content/uploads/2017/01/telephone-bleu-300x300.png" alt="07.83.34.68.48" width="30" height="30" srcset="https://saintjeandelacommanderie.fr/wp-content/uploads/2017/01/telephone-bleu-300x300.png 300w, https://saintjeandelacommanderie.fr/wp-content/uploads/2017/01/telephone-bleu-150x150.png 150w, https://saintjeandelacommanderie.fr/wp-content/uploads/2017/01/telephone-bleu-200x200.png 200w, https://saintjeandelacommanderie.fr/wp-content/uploads/2017/01/telephone-bleu.png 392w" sizes="auto, (max-width: 30px) 100vw, 30px" /></p>
<p>En particulier,</p>
<p>1) Vous voulez faire baptiser votre enfant<br />
Consulter cette page sur le <a href="https://saintjeandelacommanderie.fr/?page_id=142" target="_blank" rel="noopener noreferrer">baptême</a>.</p>
<p>2) Vous voulez que votre enfant reçoive une formation chrétienne<br />
Rendez-vous à la page <a href="https://saintjeandelacommanderie.fr/?page_id=145" target="_blank" rel="noopener noreferrer">catéchisme</a>.</p>
<p>3) Vous souhaitez vous marier<br />
Rendez-vous à la page <a href="https://saintjeandelacommanderie.fr/?page_id=148" target="_blank" rel="noopener noreferrer">mariage</a>.</p>
<p>4) Un de vos proches est décédé<br />
Comment organiser les <a href="https://saintjeandelacommanderie.fr/?page_id=150" target="_blank" rel="noopener noreferrer">funérailles</a>.</p>

<p>Pour prendre contact avec la paroisse * Au presbytère de la paroisse, 24 rue Saint-Léon lundi et vendredi de 16h à 18h mercredi et samedi de 9h à 11h Par téléphone et par courriel * À l’église Saint-Joseph, 71 bis rue de Mon Désert le jeudi de 10h à 11h30 à l&rsquo;église Par téléphone En &hellip; <a href="https://saintjeandelacommanderie.fr/?page_id=31" class="more-link">Continuer la lecture de <span class="screen-reader-text">Informations pratiques</span></a></p>
