{"id":317,"date":"2017-02-01T15:46:16","date_gmt":"2017-02-01T14:46:16","guid":{"rendered":"http:\/\/saintjeandelacommanderie.fr\/?page_id=317"},"modified":"2022-09-05T16:51:04","modified_gmt":"2022-09-05T14:51:04","slug":"eglise-saint-joseph","status":"publish","type":"page","link":"https:\/\/saintjeandelacommanderie.fr\/?page_id=317","title":{"rendered":"\u00c9glise Saint-Joseph"},"content":{"rendered":"<p><img loading=\"lazy\" decoding=\"async\" class=\"alignnone size-medium wp-image-319\" src=\"https:\/\/saintjeandelacommanderie.fr\/wp-content\/uploads\/2017\/02\/Saint-Joseph_couleur-231x300.jpg\" alt=\"\" width=\"231\" height=\"300\" srcset=\"https:\/\/saintjeandelacommanderie.fr\/wp-content\/uploads\/2017\/02\/Saint-Joseph_couleur-231x300.jpg 231w, https:\/\/saintjeandelacommanderie.fr\/wp-content\/uploads\/2017\/02\/Saint-Joseph_couleur-768x999.jpg 768w, https:\/\/saintjeandelacommanderie.fr\/wp-content\/uploads\/2017\/02\/Saint-Joseph_couleur.jpg 787w\" sizes=\"auto, (max-width: 231px) 100vw, 231px\" \/><\/p>\n<p>71bis, rue de Mon D\u00e9sert.<br \/>\nEntr\u00e9e de la sacristie, rue Victor Prouv\u00e9, cour de la grotte.<\/p>\n<p>Secr\u00e9tariat accueil: jeudi de 10h \u00e0 11h30 dans la sacristie.<\/p>\n<p>T\u00e9l\u00e9phone: 07 83 34 68 48<\/p>\n<p>Rendez-vous sur <a href=\"https:\/\/fr.wikipedia.org\/wiki\/%C3%89glise_Saint-Joseph_de_Nancy\" target=\"_blank\" rel=\"noopener\">cette page<\/a> pour plus de renseignements.<\/p>\n<h1><strong>L&rsquo;orgue<\/strong><\/h1>\n<p>Les multiples p\u00e9r\u00e9grinations et mutations de cet instrument ont \u00e9t\u00e9 largement \u00e9lucid\u00e9es par Ren\u00e9 Depoutot (cf. bibliographie). Initialement install\u00e9 dans l\u2019\u00e9glise des Pr\u00e9montr\u00e9s de Nancy (actuel temple protestant), l\u2019orgue a \u00e9t\u00e9 construit en 1758 par le facteur Jean Adam Dingler. Au vu de son prix de 4\u00a0009 livres et de la suite de son histoire, on peut penser que cet orgue de huit pieds n\u2019avait pas de positif de dos \u00e0 l\u2019origine.<\/p>\n<figure id=\"attachment_320\" aria-describedby=\"caption-attachment-320\" style=\"width: 667px\" class=\"wp-caption alignleft\"><img loading=\"lazy\" decoding=\"async\" class=\"wp-image-320 size-full\" src=\"https:\/\/saintjeandelacommanderie.fr\/wp-content\/uploads\/2017\/02\/orgue_Saint-Joseph.jpg\" width=\"667\" height=\"500\" srcset=\"https:\/\/saintjeandelacommanderie.fr\/wp-content\/uploads\/2017\/02\/orgue_Saint-Joseph.jpg 667w, https:\/\/saintjeandelacommanderie.fr\/wp-content\/uploads\/2017\/02\/orgue_Saint-Joseph-300x225.jpg 300w\" sizes=\"auto, (max-width: 667px) 100vw, 667px\" \/><figcaption id=\"caption-attachment-320\" class=\"wp-caption-text\">Orgue Buffet class\u00e9 M.H. le 22\/07\/1983<\/figcaption><\/figure>\n<p>A la R\u00e9volution, l\u2019orgue fut vendu \u00e0 Joseph Stezle (1767 \u2013 1836), organiste et facteur d\u2019orgues \u00e9tabli \u00e0 Nancy. Celui-ci le remonta dans l\u2019\u00e9glise St S\u00e9bastien en 1803. En 1837, l\u2019orgue fut remani\u00e9 par Joseph Cuvillier qui ajouta un Salicional au grand-orgue, une Fl\u00fbte 4 de p\u00e9dale en fa\u00e7ade, une Trompette 8 de p\u00e9dale. En 1865, Cuvillier, revint \u00e0 la charge rempla\u00e7ant la soufflerie et les claviers, mettant l\u2019orgue au diapason moderne.<\/p>\n<p>Lors de la construction en 1881 d\u2019un nouvel instrument \u00e0 St S\u00e9bastien par Dalstein-Haerpfer, l\u2019ancien orgue fut vendu \u00e0 ces facteurs et entrepos\u00e9 au couvent des Petites Carm\u00e9lites puis transf\u00e9r\u00e9\u00a0 dans les ateliers de Jean Bl\u00e9si. Celui-ci installa le positif de dos \u00e0 Moyen et le grand-orgue, compl\u00e9t\u00e9 d\u2019un r\u00e9cit expressif et d\u2019un positif postiche, dans l\u2019\u00e9glise des Pr\u00e9montr\u00e9s de Pont-\u00e0-Mousson, devenue chapelle du Petit S\u00e9minaire. Ce nouvel instrument du Petit S\u00e9minaire fut inaugur\u00e9 le 28 octobre 1882.<\/p>\n<p>Suite aux lois de s\u00e9paration, le Petit S\u00e9minaire fut ferm\u00e9 en 1906 et l\u2019orgue fut vendu. Il fut remont\u00e9 en 1909 dans l\u2019\u00e9glise St Joseph de Nancy.<\/p>\n<p>Bibliographie<\/p>\n<ul>\n<li>Abb\u00e9 La Flize, Notice historique de l\u2019\u00e9glise St S\u00e9bastien de Nancy, Nancy, 1852, p.38, 43, 44, 46, 72 et 74<br \/>\nLa Semaine religieuse du 5 novembre 1882, p. 893 et du 23 mars1909, pp. 252-53<\/li>\n<li>Fran\u00e7ois Jacquot, Nouvelle facture d\u2019orgues introduite \u00e0 Nancy par Mgr Trouillet, Nancy, 1883, 78 p.<\/li>\n<li>Maurice Kaltenecker, Le Petit S\u00e9minaire de Pont-\u00e0-Mousson, Nancy, 1958, pp. 2, 32bis, 56 et 57<\/li>\n<li>Ren\u00e9 Depoutot, Un instrument. L\u2019orgue de St Joseph de Nancy. L\u2019orgue de Moyen, Nancy, 1987, 58 p.<\/li>\n<li>Jean-Marie Meignien, Inventaire des orgues, Nancy, ms, 1988<\/li>\n<li>Ren\u00e9 Depoutot, L\u2019orgue dans le revue \u00ab\u00a0La Semaine religieuse\u00a0\u00bb, Nancy, 1990, pp. 59-61 et 84-85<\/li>\n<\/ul>\n","protected":false},"excerpt":{"rendered":"<p>71bis, rue de Mon D\u00e9sert. Entr\u00e9e de la sacristie, rue Victor Prouv\u00e9, cour de la grotte. Secr\u00e9tariat accueil: jeudi de 10h \u00e0 11h30 dans la sacristie. T\u00e9l\u00e9phone: 07 83 34 68 48 Rendez-vous sur cette page pour plus de renseignements. L&rsquo;orgue Les multiples p\u00e9r\u00e9grinations et mutations de cet instrument ont \u00e9t\u00e9 largement \u00e9lucid\u00e9es par Ren\u00e9 &hellip; <a href=\"https:\/\/saintjeandelacommanderie.fr\/?page_id=317\" class=\"more-link\">Continuer la lecture de <span class=\"screen-reader-text\">\u00c9glise Saint-Joseph<\/span><\/a><\/p>\n","protected":false},"author":1,"featured_media":0,"parent":25,"menu_order":1,"comment_status":"closed","ping_status":"closed","template":"","meta":{"footnotes":""},"class_list":["post-317","page","type-page","status-publish","hentry"],"publishpress_future_workflow_manual_trigger":{"enabledWorkflows":[]},"_links":{"self":[{"href":"https:\/\/saintjeandelacommanderie.fr\/index.php?rest_route=\/wp\/v2\/pages\/317","targetHints":{"allow":["GET"]}}],"collection":[{"href":"https:\/\/saintjeandelacommanderie.fr\/index.php?rest_route=\/wp\/v2\/pages"}],"about":[{"href":"https:\/\/saintjeandelacommanderie.fr\/index.php?rest_route=\/wp\/v2\/types\/page"}],"author":[{"embeddable":true,"href":"https:\/\/saintjeandelacommanderie.fr\/index.php?rest_route=\/wp\/v2\/users\/1"}],"replies":[{"embeddable":true,"href":"https:\/\/saintjeandelacommanderie.fr\/index.php?rest_route=%2Fwp%2Fv2%2Fcomments&post=317"}],"version-history":[{"count":5,"href":"https:\/\/saintjeandelacommanderie.fr\/index.php?rest_route=\/wp\/v2\/pages\/317\/revisions"}],"predecessor-version":[{"id":5122,"href":"https:\/\/saintjeandelacommanderie.fr\/index.php?rest_route=\/wp\/v2\/pages\/317\/revisions\/5122"}],"up":[{"embeddable":true,"href":"https:\/\/saintjeandelacommanderie.fr\/index.php?rest_route=\/wp\/v2\/pages\/25"}],"wp:attachment":[{"href":"https:\/\/saintjeandelacommanderie.fr\/index.php?rest_route=%2Fwp%2Fv2%2Fmedia&parent=317"}],"curies":[{"name":"wp","href":"https:\/\/api.w.org\/{rel}","templated":true}]}}

Église Saint-Joseph

<p><img loading="lazy" decoding="async" class="alignnone size-medium wp-image-319" src="https://saintjeandelacommanderie.fr/wp-content/uploads/2017/02/Saint-Joseph_couleur-231x300.jpg" alt="" width="231" height="300" srcset="https://saintjeandelacommanderie.fr/wp-content/uploads/2017/02/Saint-Joseph_couleur-231x300.jpg 231w, https://saintjeandelacommanderie.fr/wp-content/uploads/2017/02/Saint-Joseph_couleur-768x999.jpg 768w, https://saintjeandelacommanderie.fr/wp-content/uploads/2017/02/Saint-Joseph_couleur.jpg 787w" sizes="auto, (max-width: 231px) 100vw, 231px" /></p>
<p>71bis, rue de Mon Désert.<br />
Entrée de la sacristie, rue Victor Prouvé, cour de la grotte.</p>
<p>Secrétariat accueil: jeudi de 10h à 11h30 dans la sacristie.</p>
<p>Téléphone: 07 83 34 68 48</p>
<p>Rendez-vous sur <a href="https://fr.wikipedia.org/wiki/%C3%89glise_Saint-Joseph_de_Nancy" target="_blank" rel="noopener">cette page</a> pour plus de renseignements.</p>
<h1><strong>L&rsquo;orgue</strong></h1>
<p>Les multiples pérégrinations et mutations de cet instrument ont été largement élucidées par René Depoutot (cf. bibliographie). Initialement installé dans l’église des Prémontrés de Nancy (actuel temple protestant), l’orgue a été construit en 1758 par le facteur Jean Adam Dingler. Au vu de son prix de 4 009 livres et de la suite de son histoire, on peut penser que cet orgue de huit pieds n’avait pas de positif de dos à l’origine.</p>
<figure id="attachment_320" aria-describedby="caption-attachment-320" style="width: 667px" class="wp-caption alignleft"><img loading="lazy" decoding="async" class="wp-image-320 size-full" src="https://saintjeandelacommanderie.fr/wp-content/uploads/2017/02/orgue_Saint-Joseph.jpg" width="667" height="500" srcset="https://saintjeandelacommanderie.fr/wp-content/uploads/2017/02/orgue_Saint-Joseph.jpg 667w, https://saintjeandelacommanderie.fr/wp-content/uploads/2017/02/orgue_Saint-Joseph-300x225.jpg 300w" sizes="auto, (max-width: 667px) 100vw, 667px" /><figcaption id="caption-attachment-320" class="wp-caption-text">Orgue Buffet classé M.H. le 22/07/1983</figcaption></figure>
<p>A la Révolution, l’orgue fut vendu à Joseph Stezle (1767 – 1836), organiste et facteur d’orgues établi à Nancy. Celui-ci le remonta dans l’église St Sébastien en 1803. En 1837, l’orgue fut remanié par Joseph Cuvillier qui ajouta un Salicional au grand-orgue, une Flûte 4 de pédale en façade, une Trompette 8 de pédale. En 1865, Cuvillier, revint à la charge remplaçant la soufflerie et les claviers, mettant l’orgue au diapason moderne.</p>
<p>Lors de la construction en 1881 d’un nouvel instrument à St Sébastien par Dalstein-Haerpfer, l’ancien orgue fut vendu à ces facteurs et entreposé au couvent des Petites Carmélites puis transféré  dans les ateliers de Jean Blési. Celui-ci installa le positif de dos à Moyen et le grand-orgue, complété d’un récit expressif et d’un positif postiche, dans l’église des Prémontrés de Pont-à-Mousson, devenue chapelle du Petit Séminaire. Ce nouvel instrument du Petit Séminaire fut inauguré le 28 octobre 1882.</p>
<p>Suite aux lois de séparation, le Petit Séminaire fut fermé en 1906 et l’orgue fut vendu. Il fut remonté en 1909 dans l’église St Joseph de Nancy.</p>
<p>Bibliographie</p>
<ul>
<li>Abbé La Flize, Notice historique de l’église St Sébastien de Nancy, Nancy, 1852, p.38, 43, 44, 46, 72 et 74<br />
La Semaine religieuse du 5 novembre 1882, p. 893 et du 23 mars1909, pp. 252-53</li>
<li>François Jacquot, Nouvelle facture d’orgues introduite à Nancy par Mgr Trouillet, Nancy, 1883, 78 p.</li>
<li>Maurice Kaltenecker, Le Petit Séminaire de Pont-à-Mousson, Nancy, 1958, pp. 2, 32bis, 56 et 57</li>
<li>René Depoutot, Un instrument. L’orgue de St Joseph de Nancy. L’orgue de Moyen, Nancy, 1987, 58 p.</li>
<li>Jean-Marie Meignien, Inventaire des orgues, Nancy, ms, 1988</li>
<li>René Depoutot, L’orgue dans le revue « La Semaine religieuse », Nancy, 1990, pp. 59-61 et 84-85</li>
</ul>

<p>71bis, rue de Mon Désert. Entrée de la sacristie, rue Victor Prouvé, cour de la grotte. Secrétariat accueil: jeudi de 10h à 11h30 dans la sacristie. Téléphone: 07 83 34 68 48 Rendez-vous sur cette page pour plus de renseignements. L&rsquo;orgue Les multiples pérégrinations et mutations de cet instrument ont été largement élucidées par René &hellip; <a href="https://saintjeandelacommanderie.fr/?page_id=317" class="more-link">Continuer la lecture de <span class="screen-reader-text">Église Saint-Joseph</span></a></p>
