{"id":33,"date":"2017-01-11T11:56:16","date_gmt":"2017-01-11T10:56:16","guid":{"rendered":"http:\/\/saintjeandelacommanderie.fr\/?page_id=33"},"modified":"2017-03-09T15:08:49","modified_gmt":"2017-03-09T14:08:49","slug":"liens","status":"publish","type":"page","link":"https:\/\/saintjeandelacommanderie.fr\/?page_id=33","title":{"rendered":"Les chr\u00e9tiens en France et dans le monde"},"content":{"rendered":"<p><a href=\"http:\/\/www.vatican.va\/phome_fr.htm\" target=\"_blank\"><img loading=\"lazy\" decoding=\"async\" class=\"size-medium wp-image-293 aligncenter\" src=\"https:\/\/saintjeandelacommanderie.fr\/wp-content\/uploads\/2017\/01\/stemma-papa-francesco-236x300.png\" alt=\"\" width=\"236\" height=\"300\" srcset=\"https:\/\/saintjeandelacommanderie.fr\/wp-content\/uploads\/2017\/01\/stemma-papa-francesco-236x300.png 236w, https:\/\/saintjeandelacommanderie.fr\/wp-content\/uploads\/2017\/01\/stemma-papa-francesco.png 394w\" sizes=\"auto, (max-width: 236px) 100vw, 236px\" \/><\/a><\/p>\n<p style=\"text-align: center;\"><a href=\"http:\/\/www.vatican.va\/phome_fr.htm\" target=\"_blank\">Le Vatican<\/a><\/p>\n<p style=\"text-align: center;\"><a href=\"https:\/\/fr.zenit.org\/\" target=\"_blank\">Le monde vu de Rome<\/a><\/p>\n<p style=\"text-align: center;\"><a href=\"http:\/\/www.eglise.catholique.fr\" target=\"_blank\"><img loading=\"lazy\" decoding=\"async\" class=\"alignnone size-medium wp-image-295\" src=\"https:\/\/saintjeandelacommanderie.fr\/wp-content\/uploads\/2017\/01\/logo_site-ec-300x48.jpg\" alt=\"\" width=\"300\" height=\"48\" srcset=\"https:\/\/saintjeandelacommanderie.fr\/wp-content\/uploads\/2017\/01\/logo_site-ec-300x48.jpg 300w, https:\/\/saintjeandelacommanderie.fr\/wp-content\/uploads\/2017\/01\/logo_site-ec.jpg 500w\" sizes=\"auto, (max-width: 300px) 100vw, 300px\" \/><\/a><br \/>\n<a href=\"http:\/\/www.eglise.catholique.fr\" target=\"_blank\">L\u2019\u00c9glise de France<\/a><\/p>\n<p style=\"text-align: center;\"><a href=\"http:\/\/www.catholique-nancy.fr\" target=\"_blank\"><img loading=\"lazy\" decoding=\"async\" class=\"alignnone size-medium wp-image-296\" src=\"https:\/\/saintjeandelacommanderie.fr\/wp-content\/uploads\/2017\/01\/logo_dioc\u00e8se-300x169.jpg\" alt=\"\" width=\"300\" height=\"169\" srcset=\"https:\/\/saintjeandelacommanderie.fr\/wp-content\/uploads\/2017\/01\/logo_dioc\u00e8se-300x169.jpg 300w, https:\/\/saintjeandelacommanderie.fr\/wp-content\/uploads\/2017\/01\/logo_dioc\u00e8se.jpg 400w\" sizes=\"auto, (max-width: 300px) 100vw, 300px\" \/><\/a><br \/>\n<a href=\"http:\/\/www.catholique-nancy.fr\" target=\"_blank\">Le dioc\u00e8se<\/a><\/p>\n<p style=\"text-align: center;\"><a href=\"http:\/\/www.oecumenisme-nancy.fr\/\" target=\"_blank\"><img loading=\"lazy\" decoding=\"async\" class=\"alignnone size-full wp-image-297\" src=\"https:\/\/saintjeandelacommanderie.fr\/wp-content\/uploads\/2017\/01\/unit\u00e9.jpg\" alt=\"\" width=\"150\" height=\"155\" \/><\/a><br \/>\n<a href=\"http:\/\/www.oecumenisme-nancy.fr\/\">L\u2019\u0153cum\u00e9nisme<\/a><\/p>\n<p style=\"text-align: center;\"><a href=\"http:\/\/nancy.templeprotestant.org\/\" target=\"_blank\"><img loading=\"lazy\" decoding=\"async\" class=\"alignnone size-full wp-image-298\" src=\"https:\/\/saintjeandelacommanderie.fr\/wp-content\/uploads\/2017\/01\/protestants.png\" alt=\"\" width=\"185\" height=\"100\" \/><\/a><br \/>\n<a href=\"http:\/\/nancy.templeprotestant.org\/\" target=\"_blank\">Nos fr\u00e8res protestants \u00e0 Nancy<\/a><\/p>\n","protected":false},"excerpt":{"rendered":"<p>Le Vatican Le monde vu de Rome L\u2019\u00c9glise de France Le dioc\u00e8se L\u2019\u0153cum\u00e9nisme Nos fr\u00e8res protestants \u00e0 Nancy<\/p>\n","protected":false},"author":1,"featured_media":0,"parent":0,"menu_order":5,"comment_status":"closed","ping_status":"closed","template":"","meta":{"footnotes":""},"class_list":["post-33","page","type-page","status-publish","hentry"],"publishpress_future_workflow_manual_trigger":{"enabledWorkflows":[]},"_links":{"self":[{"href":"https:\/\/saintjeandelacommanderie.fr\/index.php?rest_route=\/wp\/v2\/pages\/33","targetHints":{"allow":["GET"]}}],"collection":[{"href":"https:\/\/saintjeandelacommanderie.fr\/index.php?rest_route=\/wp\/v2\/pages"}],"about":[{"href":"https:\/\/saintjeandelacommanderie.fr\/index.php?rest_route=\/wp\/v2\/types\/page"}],"author":[{"embeddable":true,"href":"https:\/\/saintjeandelacommanderie.fr\/index.php?rest_route=\/wp\/v2\/users\/1"}],"replies":[{"embeddable":true,"href":"https:\/\/saintjeandelacommanderie.fr\/index.php?rest_route=%2Fwp%2Fv2%2Fcomments&post=33"}],"version-history":[{"count":12,"href":"https:\/\/saintjeandelacommanderie.fr\/index.php?rest_route=\/wp\/v2\/pages\/33\/revisions"}],"predecessor-version":[{"id":446,"href":"https:\/\/saintjeandelacommanderie.fr\/index.php?rest_route=\/wp\/v2\/pages\/33\/revisions\/446"}],"wp:attachment":[{"href":"https:\/\/saintjeandelacommanderie.fr\/index.php?rest_route=%2Fwp%2Fv2%2Fmedia&parent=33"}],"curies":[{"name":"wp","href":"https:\/\/api.w.org\/{rel}","templated":true}]}}