{"id":377,"date":"2017-03-01T15:03:21","date_gmt":"2017-03-01T14:03:21","guid":{"rendered":"http:\/\/saintjeandelacommanderie.fr\/?page_id=377"},"modified":"2017-03-03T11:30:11","modified_gmt":"2017-03-03T10:30:11","slug":"les-sacrements","status":"publish","type":"page","link":"https:\/\/saintjeandelacommanderie.fr\/?page_id=377","title":{"rendered":"Les sacrements"},"content":{"rendered":"<figure id=\"attachment_375\" aria-describedby=\"caption-attachment-375\" style=\"width: 300px\" class=\"wp-caption aligncenter\"><img loading=\"lazy\" decoding=\"async\" class=\"size-medium wp-image-375\" src=\"https:\/\/saintjeandelacommanderie.fr\/wp-content\/uploads\/2017\/03\/bapt\u00eame-300x200.jpg\" alt=\"\" width=\"300\" height=\"200\" \/><figcaption id=\"caption-attachment-375\" class=\"wp-caption-text\">Comme \u00eatre social, l\u00b4homme a besoin de signes et de symboles pour communiquer avec autrui, par le langage, par des gestes, par des actions.<br \/>Il en est de m\u00eame pour sa relation \u00e0 Dieu.<\/figcaption><\/figure>\n<p><strong>Ainsi les sacrements sont des signes visibles du don gratuit de Dieu (la gr\u00e2ce),<\/strong> qui permettent aux hommes de prendre conscience de la pr\u00e9sence de Dieu au milieu d\u00b4eux. Ce sont des actes d\u2019alliance qui unissent au Christ par l\u2019action de l\u2019Esprit Saint, relient les hommes \u00e0 Dieu et \u00e0 leurs fr\u00e8res par le plus intime d\u2019eux-m\u00eames et incorporent dans l\u2019Eglise.<\/p>\n<p>Tout sacrement comporte trois dimensions :<\/p>\n<ul>\n<li>un <em>signe<\/em>,\u00a0\u00a0\u00a0\u00a0\u00a0\u00a0 ce que l\u00b4on voit;<\/li>\n<li>une <em>parole<\/em>, \u00a0 ce que l\u00b4on entend;<\/li>\n<li>un <em>symbole<\/em>, ce que le signe et la parole expriment.<\/li>\n<\/ul>\n<p>Le concile Vatican II exprime l\u2019action du Christ dans la c\u00e9l\u00e9bration des sacrements : \u00ab Il est l\u00e0 pr\u00e9sent par sa vertu dans les sacrements au point que lorsque quelqu\u2019un baptise, c\u2019est le Christ lui-m\u00eame qui baptise \u00bb Ainsi le sacrement est un \u00ab\u00e9v\u00e9nement de salut\u00bb dans lequel le Christ lui-m\u00eame agit et nous rejoint dans des situations particuli\u00e8res de notre vie.<\/p>\n<p><strong>Les sept sacrements\u00a0:<\/strong><\/p>\n<p>En marquant les moments les plus d\u00e9cisifs de la vie humaine, les sept sacrements manifestent que c\u2019est toute notre existence, dans ses diff\u00e9rentes \u00e9tapes, qui est appel\u00e9e \u00e0 \u00eatre v\u00e9cue avec le Christ :<\/p>\n<ul>\n<li>Les <strong>trois sacrements de l\u2019initiation chr\u00e9tienne<\/strong> : <a href=\"http:\/\/www.eglise.catholique.fr\/foi-et-vie-chretienne\/la-celebration-de-la-foi\/les-sacrements\/le-bapteme\/\">Bapt\u00eame<\/a>, <a href=\"http:\/\/www.eglise.catholique.fr\/foi-et-vie-chretienne\/la-celebration-de-la-foi\/les-sacrements\/leucharistie\/\">Eucharistie<\/a> et <a href=\"http:\/\/www.eglise.catholique.fr\/foi-et-vie-chretienne\/la-celebration-de-la-foi\/les-sacrements\/la-confirmation\/\">Confirmation<\/a> sont trois \u00e9tapes qui permettent d\u2019entrer dans le myst\u00e8re du Christ mort et ressuscit\u00e9 et de grandir dans la foi.<br \/>\n\u2022 Les <strong>sacrements de gu\u00e9rison<\/strong> : <a href=\"http:\/\/www.eglise.catholique.fr\/foi-et-vie-chretienne\/la-celebration-de-la-foi\/les-sacrements\/la-penitence-et-la-reconciliation\/\">R\u00e9conciliation<\/a> et <a href=\"http:\/\/www.eglise.catholique.fr\/foi-et-vie-chretienne\/la-celebration-de-la-foi\/les-sacrements\/le-sacrement-des-malades\/\">Onction des malades<\/a> ouvrent un chemin d\u2019esp\u00e9rance.<br \/>\n\u2022 Les <strong>sacrements de l\u2019engagement<\/strong> : L\u2019<a href=\"http:\/\/www.eglise.catholique.fr\/foi-et-vie-chretienne\/la-celebration-de-la-foi\/les-sacrements\/lordination\/\">Ordre<\/a> et le <a href=\"http:\/\/www.eglise.catholique.fr\/foi-et-vie-chretienne\/la-celebration-de-la-foi\/les-sacrements\/le-mariage\/\">Mariage<\/a> consacrent des cheminements de vie baptismale.<\/li>\n<\/ul>\n<p>Les sacrements sont une force qui permet d\u2019aimer et de \u00ab porter du fruit \u00bb dans tous nos lieux de vie. Ils communiquent la vie divine, r\u00e9alisant notre vocation de fils du P\u00e8re, fr\u00e8res en J\u00e9sus Christ, anim\u00e9s du souffle du m\u00eame Esprit !<\/p>\n<p>Retrouvez les <a href=\"https:\/\/saintjeandelacommanderie.fr\/?page_id=31\" target=\"_blank\">informations pratiques<\/a> sur les pages <a href=\"https:\/\/saintjeandelacommanderie.fr\/?page_id=142\" target=\"_blank\">bapt\u00eame <\/a>et <a href=\"https:\/\/saintjeandelacommanderie.fr\/?page_id=148\" target=\"_blank\">mariage <\/a>du site de la paroisse.<\/p>\n","protected":false},"excerpt":{"rendered":"<p>Ainsi les sacrements sont des signes visibles du don gratuit de Dieu (la gr\u00e2ce), qui permettent aux hommes de prendre conscience de la pr\u00e9sence de Dieu au milieu d\u00b4eux. Ce sont des actes d\u2019alliance qui unissent au Christ par l\u2019action de l\u2019Esprit Saint, relient les hommes \u00e0 Dieu et \u00e0 leurs fr\u00e8res par le plus &hellip; <a href=\"https:\/\/saintjeandelacommanderie.fr\/?page_id=377\" class=\"more-link\">Continuer la lecture de <span class=\"screen-reader-text\">Les sacrements<\/span><\/a><\/p>\n","protected":false},"author":1,"featured_media":0,"parent":0,"menu_order":4,"comment_status":"closed","ping_status":"closed","template":"","meta":{"footnotes":""},"class_list":["post-377","page","type-page","status-publish","hentry"],"publishpress_future_workflow_manual_trigger":{"enabledWorkflows":[]},"_links":{"self":[{"href":"https:\/\/saintjeandelacommanderie.fr\/index.php?rest_route=\/wp\/v2\/pages\/377","targetHints":{"allow":["GET"]}}],"collection":[{"href":"https:\/\/saintjeandelacommanderie.fr\/index.php?rest_route=\/wp\/v2\/pages"}],"about":[{"href":"https:\/\/saintjeandelacommanderie.fr\/index.php?rest_route=\/wp\/v2\/types\/page"}],"author":[{"embeddable":true,"href":"https:\/\/saintjeandelacommanderie.fr\/index.php?rest_route=\/wp\/v2\/users\/1"}],"replies":[{"embeddable":true,"href":"https:\/\/saintjeandelacommanderie.fr\/index.php?rest_route=%2Fwp%2Fv2%2Fcomments&post=377"}],"version-history":[{"count":3,"href":"https:\/\/saintjeandelacommanderie.fr\/index.php?rest_route=\/wp\/v2\/pages\/377\/revisions"}],"predecessor-version":[{"id":406,"href":"https:\/\/saintjeandelacommanderie.fr\/index.php?rest_route=\/wp\/v2\/pages\/377\/revisions\/406"}],"wp:attachment":[{"href":"https:\/\/saintjeandelacommanderie.fr\/index.php?rest_route=%2Fwp%2Fv2%2Fmedia&parent=377"}],"curies":[{"name":"wp","href":"https:\/\/api.w.org\/{rel}","templated":true}]}}

<figure id="attachment_375" aria-describedby="caption-attachment-375" style="width: 300px" class="wp-caption aligncenter"><img loading="lazy" decoding="async" class="size-medium wp-image-375" src="https://saintjeandelacommanderie.fr/wp-content/uploads/2017/03/baptême-300x200.jpg" alt="" width="300" height="200" /><figcaption id="caption-attachment-375" class="wp-caption-text">Comme être social, l´homme a besoin de signes et de symboles pour communiquer avec autrui, par le langage, par des gestes, par des actions.<br />Il en est de même pour sa relation à Dieu.</figcaption></figure>
<p><strong>Ainsi les sacrements sont des signes visibles du don gratuit de Dieu (la grâce),</strong> qui permettent aux hommes de prendre conscience de la présence de Dieu au milieu d´eux. Ce sont des actes d’alliance qui unissent au Christ par l’action de l’Esprit Saint, relient les hommes à Dieu et à leurs frères par le plus intime d’eux-mêmes et incorporent dans l’Eglise.</p>
<p>Tout sacrement comporte trois dimensions :</p>
<ul>
<li>un <em>signe</em>,       ce que l´on voit;</li>
<li>une <em>parole</em>,   ce que l´on entend;</li>
<li>un <em>symbole</em>, ce que le signe et la parole expriment.</li>
</ul>
<p>Le concile Vatican II exprime l’action du Christ dans la célébration des sacrements : « Il est là présent par sa vertu dans les sacrements au point que lorsque quelqu’un baptise, c’est le Christ lui-même qui baptise » Ainsi le sacrement est un «événement de salut» dans lequel le Christ lui-même agit et nous rejoint dans des situations particulières de notre vie.</p>
<p><strong>Les sept sacrements :</strong></p>
<p>En marquant les moments les plus décisifs de la vie humaine, les sept sacrements manifestent que c’est toute notre existence, dans ses différentes étapes, qui est appelée à être vécue avec le Christ :</p>
<ul>
<li>Les <strong>trois sacrements de l’initiation chrétienne</strong> : <a href="http://www.eglise.catholique.fr/foi-et-vie-chretienne/la-celebration-de-la-foi/les-sacrements/le-bapteme/">Baptême</a>, <a href="http://www.eglise.catholique.fr/foi-et-vie-chretienne/la-celebration-de-la-foi/les-sacrements/leucharistie/">Eucharistie</a> et <a href="http://www.eglise.catholique.fr/foi-et-vie-chretienne/la-celebration-de-la-foi/les-sacrements/la-confirmation/">Confirmation</a> sont trois étapes qui permettent d’entrer dans le mystère du Christ mort et ressuscité et de grandir dans la foi.<br />
• Les <strong>sacrements de guérison</strong> : <a href="http://www.eglise.catholique.fr/foi-et-vie-chretienne/la-celebration-de-la-foi/les-sacrements/la-penitence-et-la-reconciliation/">Réconciliation</a> et <a href="http://www.eglise.catholique.fr/foi-et-vie-chretienne/la-celebration-de-la-foi/les-sacrements/le-sacrement-des-malades/">Onction des malades</a> ouvrent un chemin d’espérance.<br />
• Les <strong>sacrements de l’engagement</strong> : L’<a href="http://www.eglise.catholique.fr/foi-et-vie-chretienne/la-celebration-de-la-foi/les-sacrements/lordination/">Ordre</a> et le <a href="http://www.eglise.catholique.fr/foi-et-vie-chretienne/la-celebration-de-la-foi/les-sacrements/le-mariage/">Mariage</a> consacrent des cheminements de vie baptismale.</li>
</ul>
<p>Les sacrements sont une force qui permet d’aimer et de « porter du fruit » dans tous nos lieux de vie. Ils communiquent la vie divine, réalisant notre vocation de fils du Père, frères en Jésus Christ, animés du souffle du même Esprit !</p>
<p>Retrouvez les <a href="https://saintjeandelacommanderie.fr/?page_id=31" target="_blank">informations pratiques</a> sur les pages <a href="https://saintjeandelacommanderie.fr/?page_id=142" target="_blank">baptême </a>et <a href="https://saintjeandelacommanderie.fr/?page_id=148" target="_blank">mariage </a>du site de la paroisse.</p>

<p>Ainsi les sacrements sont des signes visibles du don gratuit de Dieu (la grâce), qui permettent aux hommes de prendre conscience de la présence de Dieu au milieu d´eux. Ce sont des actes d’alliance qui unissent au Christ par l’action de l’Esprit Saint, relient les hommes à Dieu et à leurs frères par le plus &hellip; <a href="https://saintjeandelacommanderie.fr/?page_id=377" class="more-link">Continuer la lecture de <span class="screen-reader-text">Les sacrements</span></a></p>
