{"id":6418,"date":"2024-12-13T19:23:28","date_gmt":"2024-12-13T18:23:28","guid":{"rendered":"https:\/\/saintjeandelacommanderie.fr\/?page_id=6418"},"modified":"2025-11-20T14:00:08","modified_gmt":"2025-11-20T13:00:08","slug":"annee-liturgique-c-2024-2025","status":"publish","type":"page","link":"https:\/\/saintjeandelacommanderie.fr\/?page_id=6418","title":{"rendered":"Ann\u00e9e liturgique C-2024-2025"},"content":{"rendered":"\n<p class=\"has-text-color has-link-color wp-elements-49dc95ac483ff542d8df9a93d4342915\" style=\"color:#c0a010\">Les feuilles de l&rsquo;ann\u00e9e liturgique 2024-2025.<\/p>\n\n\n\n<p class=\"has-dark-gray-color has-text-color has-link-color wp-elements-3318d01069ec894f66192abdbd7de4b2\"><br><strong>Feuilles de Saint-Joseph<\/strong><\/p>\n\n\n\n<!-- G\u00e9n\u00e9ration r\u00e9alis\u00e9e avec Document Gallery. Obtenez votre version ici :http:\/\/wordpress.org\/extend\/plugins\/document-gallery -->\n<div id=\"document-gallery-1\" class=\"document-gallery\" data-shortcode='{\"id\":6418,\"include\":\"6413,6459,6604\",\"exclude\":\"\",\"columns\":4,\"fancy\":true,\"order\":\"ASC\",\"orderby\":\"date\",\"relation\":\"AND\",\"limit\":-1,\"mime_types\":\"application,video,text,audio,image\",\"new_window\":true,\"paginate\":true,\"post_status\":\"any\",\"post_type\":\"attachment\",\"attachment_pg\":false,\"descriptions\":false,\"skip\":0}' style='--dg-icon-width: 24%'>\n<div class='document-icon-row'>\n   <div class=\"document-icon\">\n      <a href=\"https:\/\/saintjeandelacommanderie.fr\/wp-content\/uploads\/2024\/12\/24-12-24-Nuit-de-Noel.pdf\" target=\"_blank\">\n         <img decoding=\"async\" src=\"https:\/\/saintjeandelacommanderie.fr\/wp-content\/uploads\/2024\/12\/24-12-24-Nuit-de-Noel-thumb.png\" title=\"24 d\u00e9cembre 2024Veill\u00e9e et messe de la nuit\" alt=\"24 d\u00e9cembre 2024Veill\u00e9e et messe de la nuit\" data-ext=\"pdf\"\/>\n         <span class=\"title\">24 d\u00e9cembre 2024<br \/>Veill\u00e9e et messe de la nuit<\/span>\n      <\/a>\n   <\/div>\n   <div class=\"document-icon\">\n      <a href=\"https:\/\/saintjeandelacommanderie.fr\/wp-content\/uploads\/2025\/01\/Messe-en-famille-12-01.pdf\" target=\"_blank\">\n         <img decoding=\"async\" src=\"https:\/\/saintjeandelacommanderie.fr\/wp-content\/uploads\/2025\/01\/Messe-en-famille-12-01-thumb.png\" title=\"Messe en familledu 12 janvier 2025\" alt=\"Messe en familledu 12 janvier 2025\" data-ext=\"pdf\"\/>\n         <span class=\"title\">Messe en famille<br \/>du 12 janvier 2025<\/span>\n      <\/a>\n   <\/div>\n   <div class=\"document-icon\">\n      <a href=\"https:\/\/saintjeandelacommanderie.fr\/wp-content\/uploads\/2025\/05\/Messe-en-famille-25-05.pdf\" target=\"_blank\">\n         <img decoding=\"async\" src=\"https:\/\/saintjeandelacommanderie.fr\/wp-content\/uploads\/2025\/05\/Messe-en-famille-25-05-thumb.png\" title=\"Chants Saint-JosephMesse en famille25 mai 2025\" alt=\"Chants Saint-JosephMesse en famille25 mai 2025\" data-ext=\"pdf\"\/>\n         <span class=\"title\">Chants Saint-Joseph<br \/>Messe en famille<br \/>25 mai 2025<\/span>\n      <\/a>\n   <\/div>\n\n<\/div>\n<\/div>\n\n\n<p>++++++++++++++++++++++++++++++++++++++++++++++++++++++++++++++<\/p>\n\n\n\n<p class=\"has-dark-gray-color has-text-color has-link-color wp-elements-c70cf18548ad2224c05374aaed441c74\"><strong>Feuilles de Saint-L\u00e9on<\/strong><\/p>\n\n\n\n<!-- G\u00e9n\u00e9ration r\u00e9alis\u00e9e avec Document Gallery. Obtenez votre version ici :http:\/\/wordpress.org\/extend\/plugins\/document-gallery -->\n<div id=\"document-gallery-2\" class=\"document-gallery\" data-shortcode='{\"id\":6418,\"include\":\"6413,6415,6501,6546,6566,6567,6557,6559,6602,6606,6618,6628,6657,6846\",\"exclude\":\"\",\"columns\":4,\"fancy\":true,\"order\":\"ASC\",\"orderby\":\"date\",\"relation\":\"AND\",\"limit\":-1,\"mime_types\":\"application,video,text,audio,image\",\"new_window\":true,\"paginate\":true,\"post_status\":\"any\",\"post_type\":\"attachment\",\"attachment_pg\":false,\"descriptions\":false,\"skip\":0}' style='--dg-icon-width: 24%'>\n<div class='document-icon-row'>\n   <div class=\"document-icon\">\n      <a href=\"https:\/\/saintjeandelacommanderie.fr\/wp-content\/uploads\/2024\/12\/24-12-24-Nuit-de-Noel.pdf\" target=\"_blank\">\n         <img decoding=\"async\" src=\"https:\/\/saintjeandelacommanderie.fr\/wp-content\/uploads\/2024\/12\/24-12-24-Nuit-de-Noel-thumb.png\" title=\"24 d\u00e9cembre 2024Veill\u00e9e et messe de la nuit\" alt=\"24 d\u00e9cembre 2024Veill\u00e9e et messe de la nuit\" data-ext=\"pdf\"\/>\n         <span class=\"title\">24 d\u00e9cembre 2024<br \/>Veill\u00e9e et messe de la nuit<\/span>\n      <\/a>\n   <\/div>\n   <div class=\"document-icon\">\n      <a href=\"https:\/\/saintjeandelacommanderie.fr\/wp-content\/uploads\/2024\/12\/25-12-24-jour-de-Noel.pdf\" target=\"_blank\">\n         <img decoding=\"async\" src=\"https:\/\/saintjeandelacommanderie.fr\/wp-content\/uploads\/2024\/12\/25-12-24-jour-de-Noel-thumb.png\" title=\"25 d\u00e9cembre 2024Messe du jour de No\u00ebl\" alt=\"25 d\u00e9cembre 2024Messe du jour de No\u00ebl\" data-ext=\"pdf\"\/>\n         <span class=\"title\">25 d\u00e9cembre 2024<br \/>Messe du jour de No\u00ebl<\/span>\n      <\/a>\n   <\/div>\n   <div class=\"document-icon\">\n      <a href=\"https:\/\/saintjeandelacommanderie.fr\/wp-content\/uploads\/2025\/02\/05-03-25-Cendres.pdf\" target=\"_blank\">\n         <img decoding=\"async\" src=\"https:\/\/saintjeandelacommanderie.fr\/wp-content\/uploads\/2025\/02\/05-03-25-Cendres-thumb.png\" title=\"Chants Saint-L\u00e9on5 mars 2025Cendres\" alt=\"Chants Saint-L\u00e9on5 mars 2025Cendres\" data-ext=\"pdf\"\/>\n         <span class=\"title\">Chants Saint-L\u00e9on<br \/br>5 mars 2025<br \/br>Cendres<\/span>\n      <\/a>\n   <\/div>\n   <div class=\"document-icon\">\n      <a href=\"https:\/\/saintjeandelacommanderie.fr\/wp-content\/uploads\/2025\/04\/13-04-25-Rameaux.pdf\" target=\"_blank\">\n         <img decoding=\"async\" src=\"https:\/\/saintjeandelacommanderie.fr\/wp-content\/uploads\/2025\/04\/13-04-25-Rameaux-thumb.png\" title=\"Chants Saint-L\u00e9on20 avril 2025Rameaux\" alt=\"Chants Saint-L\u00e9on20 avril 2025Rameaux\" data-ext=\"pdf\"\/>\n         <span class=\"title\">Chants Saint-L\u00e9on<br \/>20 avril 2025<br \/>Rameaux<\/span>\n      <\/a>\n   <\/div>\n\n<\/div>\n<div class='document-icon-row'>\n   <div class=\"document-icon\">\n      <a href=\"https:\/\/saintjeandelacommanderie.fr\/wp-content\/uploads\/2025\/04\/19-04-25-Vigile-pascale.pdf\" target=\"_blank\">\n         <img decoding=\"async\" src=\"https:\/\/saintjeandelacommanderie.fr\/wp-content\/uploads\/2025\/04\/19-04-25-Vigile-pascale-thumb.png\" title=\"19 04 25 Vigile pascale\" alt=\"19 04 25 Vigile pascale\" data-ext=\"pdf\"\/>\n         <span class=\"title\">19 04 25 Vigile pascale<\/span>\n      <\/a>\n   <\/div>\n   <div class=\"document-icon\">\n      <a href=\"https:\/\/saintjeandelacommanderie.fr\/wp-content\/uploads\/2025\/04\/20-04-25-Jour-de-Paques.pdf\" target=\"_blank\">\n         <img decoding=\"async\" src=\"https:\/\/saintjeandelacommanderie.fr\/wp-content\/uploads\/2025\/04\/20-04-25-Jour-de-Paques-thumb.png\" title=\"20 04 25 Jour de P\u00e2ques\" alt=\"20 04 25 Jour de P\u00e2ques\" data-ext=\"pdf\"\/>\n         <span class=\"title\">20 04 25 Jour de P\u00e2ques<\/span>\n      <\/a>\n   <\/div>\n   <div class=\"document-icon\">\n      <a href=\"https:\/\/saintjeandelacommanderie.fr\/wp-content\/uploads\/2025\/04\/17-04-25-Jeudi-Saint.pdf\" target=\"_blank\">\n         <img decoding=\"async\" src=\"https:\/\/saintjeandelacommanderie.fr\/wp-content\/uploads\/2025\/04\/17-04-25-Jeudi-Saint-thumb.png\" title=\"Chants Saint-L\u00e9on\" alt=\"Chants Saint-L\u00e9on\" data-ext=\"pdf\"\/>\n         <span class=\"title\">Chants Saint-L\u00e9on<17 avril 2025<br \/>Jeudi Saint<\/span>\n      <\/a>\n   <\/div>\n   <div class=\"document-icon\">\n      <a href=\"https:\/\/saintjeandelacommanderie.fr\/wp-content\/uploads\/2025\/04\/18-04-25-Vendredi-Saint.pdf\" target=\"_blank\">\n         <img decoding=\"async\" src=\"https:\/\/saintjeandelacommanderie.fr\/wp-content\/uploads\/2025\/04\/18-04-25-Vendredi-Saint-thumb.png\" title=\"Chants Saint-L\u00e9on18 avril 2025Vendredi Saint\" alt=\"Chants Saint-L\u00e9on18 avril 2025Vendredi Saint\" data-ext=\"pdf\"\/>\n         <span class=\"title\">Chants Saint-L\u00e9on<br \/>18 avril 2025<br \/>Vendredi Saint<\/span>\n      <\/a>\n   <\/div>\n\n<\/div>\n<div class='document-icon-row'>\n   <div class=\"document-icon\">\n      <a href=\"https:\/\/saintjeandelacommanderie.fr\/wp-content\/uploads\/2025\/05\/25-05-25-Confirmations.pdf\" target=\"_blank\">\n         <img decoding=\"async\" src=\"https:\/\/saintjeandelacommanderie.fr\/wp-content\/uploads\/2025\/05\/25-05-25-Confirmations-thumb.png\" title=\"Chants Saint-L\u00e9on25 mai 2025Confirmations\" alt=\"Chants Saint-L\u00e9on25 mai 2025Confirmations\" data-ext=\"pdf\"\/>\n         <span class=\"title\">Chants Saint-L\u00e9on<br \/>25 mai 2025<br \/>Confirmations<\/span>\n      <\/a>\n   <\/div>\n   <div class=\"document-icon\">\n      <a href=\"https:\/\/saintjeandelacommanderie.fr\/wp-content\/uploads\/2025\/05\/29-05-25-Ascension.pdf\" target=\"_blank\">\n         <img decoding=\"async\" src=\"https:\/\/saintjeandelacommanderie.fr\/wp-content\/uploads\/2025\/05\/29-05-25-Ascension-thumb.png\" title=\"Chants Saint-L\u00e9on29 mai 2025Ascension\" alt=\"Chants Saint-L\u00e9on29 mai 2025Ascension\" data-ext=\"pdf\"\/>\n         <span class=\"title\">Chants Saint-L\u00e9on<br>29 mai 2025<br>Ascension<\/span>\n      <\/a>\n   <\/div>\n   <div class=\"document-icon\">\n      <a href=\"https:\/\/saintjeandelacommanderie.fr\/wp-content\/uploads\/2025\/05\/08-06-25-La-Pentecote.pdf\" target=\"_blank\">\n         <img decoding=\"async\" src=\"https:\/\/saintjeandelacommanderie.fr\/wp-content\/uploads\/2025\/05\/08-06-25-La-Pentecote-thumb.png\" title=\"Chant Saint-L\u00e9on8 juin 2025Pentec\u00f4te\" alt=\"Chant Saint-L\u00e9on8 juin 2025Pentec\u00f4te\" data-ext=\"pdf\"\/>\n         <span class=\"title\">Chant Saint-L\u00e9on<br \/>8 juin 2025<br \/>Pentec\u00f4te<\/span>\n      <\/a>\n   <\/div>\n   <div class=\"document-icon\">\n      <a href=\"https:\/\/saintjeandelacommanderie.fr\/wp-content\/uploads\/2025\/06\/15-06-25-Trinite.pdf\" target=\"_blank\">\n         <img decoding=\"async\" src=\"https:\/\/saintjeandelacommanderie.fr\/wp-content\/uploads\/2025\/06\/15-06-25-Trinite-thumb.png\" title=\"Chants Saint-L\u00e9on15 juin 2025La Sainte Trinit\u00e9\" alt=\"Chants Saint-L\u00e9on15 juin 2025La Sainte Trinit\u00e9\" data-ext=\"pdf\"\/>\n         <span class=\"title\">Chants Saint-L\u00e9on<br \/>15 juin 2025<br \/>La Sainte Trinit\u00e9<\/span>\n      <\/a>\n   <\/div>\n\n<\/div>\n<div class='document-icon-row'>\n   <div class=\"document-icon\">\n      <a href=\"https:\/\/saintjeandelacommanderie.fr\/wp-content\/uploads\/2025\/06\/22-06-25-1eres-communion.pdf\" target=\"_blank\">\n         <img decoding=\"async\" src=\"https:\/\/saintjeandelacommanderie.fr\/wp-content\/uploads\/2025\/06\/22-06-25-1eres-communion-thumb.png\" title=\"Chants Saint-L\u00e9on22 juin 20251\u00e8res communionsProfessions de foi\" alt=\"Chants Saint-L\u00e9on22 juin 20251\u00e8res communionsProfessions de foi\" data-ext=\"pdf\"\/>\n         <span class=\"title\">Chants Saint-L\u00e9on<br \/>22 juin 2025<br \/>1\u00e8res communions<br \/>Professions de foi<\/span>\n      <\/a>\n   <\/div>\n   <div class=\"document-icon\">\n      <a href=\"https:\/\/saintjeandelacommanderie.fr\/wp-content\/uploads\/2025\/11\/23-11-25-Christ-Roi.pdf\" target=\"_blank\">\n         <img decoding=\"async\" src=\"https:\/\/saintjeandelacommanderie.fr\/wp-content\/uploads\/2025\/11\/23-11-25-Christ-Roi-thumb.png\" title=\"Chants Saint-L\u00e9on23 novembre 2025Le Christ Roi\" alt=\"Chants Saint-L\u00e9on23 novembre 2025Le Christ Roi\" data-ext=\"pdf\"\/>\n         <span class=\"title\">Chants Saint-L\u00e9on<br \/>23 novembre 2025<br \/>Le Christ Roi<\/span>\n      <\/a>\n   <\/div>\n\n<\/div>\n<\/div>\n\n\n<p><\/p>\n","protected":false},"excerpt":{"rendered":"<p>Les feuilles de l&rsquo;ann\u00e9e liturgique 2024-2025. Feuilles de Saint-Joseph ++++++++++++++++++++++++++++++++++++++++++++++++++++++++++++++ Feuilles de Saint-L\u00e9on<\/p>\n","protected":false},"author":1,"featured_media":0,"parent":29,"menu_order":0,"comment_status":"closed","ping_status":"closed","template":"","meta":{"footnotes":""},"class_list":["post-6418","page","type-page","status-publish","hentry"],"publishpress_future_workflow_manual_trigger":{"enabledWorkflows":[]},"_links":{"self":[{"href":"https:\/\/saintjeandelacommanderie.fr\/index.php?rest_route=\/wp\/v2\/pages\/6418","targetHints":{"allow":["GET"]}}],"collection":[{"href":"https:\/\/saintjeandelacommanderie.fr\/index.php?rest_route=\/wp\/v2\/pages"}],"about":[{"href":"https:\/\/saintjeandelacommanderie.fr\/index.php?rest_route=\/wp\/v2\/types\/page"}],"author":[{"embeddable":true,"href":"https:\/\/saintjeandelacommanderie.fr\/index.php?rest_route=\/wp\/v2\/users\/1"}],"replies":[{"embeddable":true,"href":"https:\/\/saintjeandelacommanderie.fr\/index.php?rest_route=%2Fwp%2Fv2%2Fcomments&post=6418"}],"version-history":[{"count":17,"href":"https:\/\/saintjeandelacommanderie.fr\/index.php?rest_route=\/wp\/v2\/pages\/6418\/revisions"}],"predecessor-version":[{"id":6849,"href":"https:\/\/saintjeandelacommanderie.fr\/index.php?rest_route=\/wp\/v2\/pages\/6418\/revisions\/6849"}],"up":[{"embeddable":true,"href":"https:\/\/saintjeandelacommanderie.fr\/index.php?rest_route=\/wp\/v2\/pages\/29"}],"wp:attachment":[{"href":"https:\/\/saintjeandelacommanderie.fr\/index.php?rest_route=%2Fwp%2Fv2%2Fmedia&parent=6418"}],"curies":[{"name":"wp","href":"https:\/\/api.w.org\/{rel}","templated":true}]}}